{"id":7,"date":"2016-02-10T14:12:17","date_gmt":"2016-02-10T13:12:17","guid":{"rendered":"http:\/\/conferences-institute.eu\/risques-operationnels\/?page_id=7"},"modified":"2016-02-10T15:23:20","modified_gmt":"2016-02-10T14:23:20","slug":"conference-2014","status":"publish","type":"page","link":"https:\/\/conferences-institute.eu\/risques-operationnels\/conference-2014\/","title":{"rendered":"Conf\u00e9rence 2014"},"content":{"rendered":"<h2><span style=\"color: #ff0000;\">Gestion des Risques\u00a0Op\u00e9rationnels dans\u00a0l\u2019Industrie Financi\u00e8re<\/span><\/h2>\n<p><a class=\"fasc-button fasc-size-medium fasc-type-glossy fasc-rounded-medium\" style=\"background-color: #c26b6b; color: #ffffff;\" href=\"https:\/\/conferences-institute.eu\/risques-operationnels\/wp-content\/uploads\/sites\/7\/2016\/02\/Arrow-Institute_Risques-Op\u00e9rationnels_Septembre-2014_program.pdf\" target=\"_blank\" data-fasc-style=\"background-color:#c26b6b;color:#ffffff;\">Retrouvez le PDF ICI<\/a><\/p>\n<p><span style=\"color: #0000ff;\"><strong>Quel cadre op\u00e9rationnel coh\u00e9rent pour la gestion\u00a0des risques op\u00e9rationnels ?<\/strong><\/span><\/p>\n<ul>\n<li><span style=\"color: #0000ff;\">Best practices des m\u00e9thodologies et outils actuels<\/span><\/li>\n<li><span style=\"color: #0000ff;\">Les risques op\u00e9rationnels : Le facteur humain au coeur du\u00a0dispositif de GRO<\/span><\/li>\n<li><span style=\"color: #0000ff;\">Outils de gestion du risque op\u00e9rationnel : Au-del\u00e0 de\u00a0l\u2019exigence r\u00e9glementaire une valeur ajout\u00e9e r\u00e9elle<\/span><\/li>\n<li><span style=\"color: #0000ff;\">Ma\u00eetriser des risques op\u00e9rationnels li\u00e9s \u00e0 l\u2019externalisation<\/span><\/li>\n<li><span style=\"color: #0000ff;\">Maintenir dans la dur\u00e9e et exploiter au mieux les\u00a0cartographies de risques op\u00e9rationnels<\/span><\/li>\n<li><span style=\"color: #0000ff;\">Les conflits d\u2019int\u00e9r\u00eats : un risque op\u00e9rationnel non\u00a0n\u00e9gligeable<\/span><\/li>\n<li><span style=\"color: #0000ff;\">L\u2019action de groupe : les enjeux en termes de risques\u00a0op\u00e9rationnels<\/span><\/li>\n<\/ul>\n<p><strong>Orateurs<\/strong><\/p>\n<p><strong>Jean-Luc Masselin,\u00a0<\/strong>Banque Neuflize OBC<br \/>\n<strong>Jean-Baptiste Petit,\u00a0<\/strong>AXA Group<br \/>\n<strong>Pierre-Yves Catrice,\u00a0<\/strong>Oney Banque-Accord<br \/>\n<strong>Dan Chelly,\u00a0<\/strong>Optimind winter<br \/>\n<strong>Laure Molinier,\u00a0<\/strong>Euroclear<br \/>\n<strong>Chandara Ok<\/strong><\/p>\n<p>Jeudi 25 septembre 2014<br \/>\n08:30 Accueil des participants<br \/>\n09:00 Un retour d\u2019exp\u00e9rience sur \u00ab AMA : vouloir et pouvoir \u00bb<\/p>\n<ul>\n<li>Pourquoi se lancer dans un projet AMA ?<\/li>\n<li>Comment articuler un projet AMA et la gestion courante des RO &#8230; et plus globalement des risques ?<\/li>\n<li>Quels \u00e9cueils dans la gestion d\u2019un projet AMA ?<\/li>\n<li>Comment structurer le plan de migration ?<\/li>\n<li>Quelles sont les difficult\u00e9s m\u00e9thodologiques principales ?<br \/>\nJean-Luc Masselin Directeur du Contr\u00f4le Interne \u2022 Direction du Risque \u2022 Banque Neuflize OBC<\/li>\n<\/ul>\n<p>10:00 Operational Risk Maturity Framework:<\/p>\n<ul>\n<li>\u00a0Fournir une vision synth\u00e9tique de la maturit\u00e9 du mod\u00e8le interne de gestion des risques\u00a0op\u00e9rationnels<\/li>\n<li>Soutenir la mise en place d\u2019un mod\u00e8le interne de gestion des risques op\u00e9rationnels au travers\u00a0d\u2019objectifs d\u2019am\u00e9lioration<br \/>\nJean-Baptiste Petit Group Operational Risk Manager \u2022 Group Risk Management AXA Group<\/li>\n<\/ul>\n<p>11:00 Pause caf\u00e9<br \/>\n11:30 Retour d\u2019exp\u00e9rience sur la mise en oeuvre d\u2019une politique de Gestion du Risque Op\u00e9rationnel<\/p>\n<ul>\n<li>\u00a0Mise en place du projet RO<\/li>\n<li>\u00a0Structure du Risque Op\u00e9rationnel<\/li>\n<li>Cartographie des risques<\/li>\n<li>Suivi des incidents<\/li>\n<li>\u00a0Focus sur :<br \/>\n\u2212 Lien avec audit<br \/>\n\u2212 Lien avec le CIP<br \/>\n\u2212 Lien avec la Conformit\u00e9<br \/>\nPierre-Yves Catrice Direction Risque Groupe \u2022 Oney Banque-Accord<\/li>\n<\/ul>\n<p>12:30 D\u00e9jeuner<br \/>\n14:00 L\u2019action de Groupe, enjeux en termes de Risques Op\u00e9rationnels :<\/p>\n<ul>\n<li>Action de groupe \u00e0 la fran\u00e7aise VS class actions am\u00e9ricaines ?<\/li>\n<li>\u00a0Quels sont les enjeux pour les acteurs banques et assurances ?<\/li>\n<li>\u00a0En quoi le dispositif risques op\u00e9rationnels est un des \u00e9l\u00e9ments cl\u00e9s de protection ?<br \/>\nDan Chelly Directeur m\u00e9tier \u2022 Optimind winter<\/li>\n<\/ul>\n<p>15:00 Les risques li\u00e9s aux cyber attaques et leurs impacts sur les strat\u00e9gies de continuit\u00e9 des affaires<\/p>\n<ul>\n<li>\u00a0Evolution des cyber risques et les diff\u00e9rents types de r\u00e9ponses<\/li>\n<li>Quels impacts sur les strat\u00e9gies de continuit\u00e9 ?<\/li>\n<li>Illustration : Etude de cas Euroclear<br \/>\n\u2212 Un Enterprise Risk Management (ERM) framework adapt\u00e9 \u00e0 la gestion des cyber risques<br \/>\n\u2212 Identification et \u00e9valuation des risques<br \/>\n\u2212 Strat\u00e9gies de r\u00e9ponse : protection &amp; continuit\u00e9 des affaires<br \/>\n\u2212 La gestion de crise<br \/>\nLaure Molinier Head of group business resilience \u2022 Euroclear<\/li>\n<\/ul>\n<p>16:00 Pause caf\u00e9<br \/>\n16:30 Cartographie des risques : Comment \u00e9valuer les risques non mesurables sur le plan mon\u00e9taire ?<\/p>\n<ul>\n<li>\u00a0Le risque de r\u00e9putation<\/li>\n<li>\u00a0Les risques de non-conformit\u00e9<br \/>\nChandara Ok \u2022 Conseil en r\u00e9glementation et risques bancaires<\/li>\n<\/ul>\n<p>17:30 Fin du s\u00e9minaire<\/p>\n<p>&nbsp;<\/p>\n<p>&nbsp;<\/p>\n<p><a class=\"fasc-button fasc-size-medium fasc-type-glossy fasc-rounded-medium\" style=\"background-color: #c26b6b; color: #ffffff;\" href=\"https:\/\/conferences-institute.eu\/risques-operationnels\/wp-content\/uploads\/sites\/7\/2016\/02\/Arrow-Institute_Risques-Op\u00e9rationnels_Septembre-2014_program.pdf\" target=\"_blank\" data-fasc-style=\"background-color:#c26b6b;color:#ffffff;\">Retrouvez le PDF ICI<\/a><\/p>\n","protected":false},"excerpt":{"rendered":"<p>Gestion des Risques\u00a0Op\u00e9rationnels dans\u00a0l\u2019Industrie Financi\u00e8re Retrouvez le PDF ICI Quel cadre op\u00e9rationnel coh\u00e9rent pour la gestion\u00a0des risques op\u00e9rationnels ? Best practices des m\u00e9thodologies et outils actuels Les risques op\u00e9rationnels : Le facteur humain au coeur du\u00a0dispositif de GRO Outils de gestion du risque op\u00e9rationnel : Au-del\u00e0 de\u00a0l\u2019exigence r\u00e9glementaire une valeur ajout\u00e9e r\u00e9elle Ma\u00eetriser des risques <a href=\"https:\/\/conferences-institute.eu\/risques-operationnels\/conference-2014\/\" rel=\"nofollow\"><span class=\"sr-only\">En savoir plus surConf\u00e9rence 2014<\/span>[&hellip;]<\/a><\/p>\n","protected":false},"author":1,"featured_media":0,"parent":0,"menu_order":0,"comment_status":"closed","ping_status":"closed","template":"","meta":{"_monsterinsights_skip_tracking":false,"_monsterinsights_sitenote_active":false,"_monsterinsights_sitenote_note":"","_monsterinsights_sitenote_category":0,"footnotes":""},"class_list":["post-7","page","type-page","status-publish"],"yoast_head":"<!-- This site is optimized with the Yoast SEO plugin v27.1.1 - https:\/\/yoast.com\/product\/yoast-seo-wordpress\/ -->\n<title>Conf\u00e9rence 2014 - GESTION RISQUE OP\u00c9RATIONNEL<\/title>\n<meta name=\"robots\" content=\"index, follow, max-snippet:-1, max-image-preview:large, max-video-preview:-1\" \/>\n<link rel=\"canonical\" href=\"https:\/\/conferences-institute.eu\/risques-operationnels\/conference-2014\/\" \/>\n<meta property=\"og:locale\" content=\"fr_FR\" \/>\n<meta property=\"og:type\" content=\"article\" \/>\n<meta property=\"og:title\" content=\"Conf\u00e9rence 2014 - GESTION RISQUE OP\u00c9RATIONNEL\" \/>\n<meta property=\"og:description\" content=\"Gestion des Risques\u00a0Op\u00e9rationnels dans\u00a0l\u2019Industrie Financi\u00e8re Retrouvez le PDF ICI Quel cadre op\u00e9rationnel coh\u00e9rent pour la gestion\u00a0des risques op\u00e9rationnels ? Best practices des m\u00e9thodologies et outils actuels Les risques op\u00e9rationnels : Le facteur humain au coeur du\u00a0dispositif de GRO Outils de gestion du risque op\u00e9rationnel : Au-del\u00e0 de\u00a0l\u2019exigence r\u00e9glementaire une valeur ajout\u00e9e r\u00e9elle Ma\u00eetriser des risques En savoir plus surConf\u00e9rence 2014[&hellip;]\" \/>\n<meta property=\"og:url\" content=\"https:\/\/conferences-institute.eu\/risques-operationnels\/conference-2014\/\" \/>\n<meta property=\"og:site_name\" content=\"GESTION RISQUE OP\u00c9RATIONNEL\" \/>\n<meta property=\"article:modified_time\" content=\"2016-02-10T14:23:20+00:00\" \/>\n<meta name=\"twitter:card\" content=\"summary_large_image\" \/>\n<meta name=\"twitter:label1\" content=\"Dur\u00e9e de lecture estim\u00e9e\" \/>\n\t<meta name=\"twitter:data1\" content=\"3 minutes\" \/>\n<script type=\"application\/ld+json\" class=\"yoast-schema-graph\">{\"@context\":\"https:\/\/schema.org\",\"@graph\":[{\"@type\":\"WebPage\",\"@id\":\"https:\/\/conferences-institute.eu\/risques-operationnels\/conference-2014\/\",\"url\":\"https:\/\/conferences-institute.eu\/risques-operationnels\/conference-2014\/\",\"name\":\"Conf\u00e9rence 2014 - GESTION RISQUE OP\u00c9RATIONNEL\",\"isPartOf\":{\"@id\":\"https:\/\/conferences-institute.eu\/risques-operationnels\/#website\"},\"datePublished\":\"2016-02-10T13:12:17+00:00\",\"dateModified\":\"2016-02-10T14:23:20+00:00\",\"breadcrumb\":{\"@id\":\"https:\/\/conferences-institute.eu\/risques-operationnels\/conference-2014\/#breadcrumb\"},\"inLanguage\":\"fr-FR\",\"potentialAction\":[{\"@type\":\"ReadAction\",\"target\":[\"https:\/\/conferences-institute.eu\/risques-operationnels\/conference-2014\/\"]}]},{\"@type\":\"BreadcrumbList\",\"@id\":\"https:\/\/conferences-institute.eu\/risques-operationnels\/conference-2014\/#breadcrumb\",\"itemListElement\":[{\"@type\":\"ListItem\",\"position\":1,\"name\":\"Accueil\",\"item\":\"https:\/\/conferences-institute.eu\/risques-operationnels\/\"},{\"@type\":\"ListItem\",\"position\":2,\"name\":\"Conf\u00e9rence 2014\"}]},{\"@type\":\"WebSite\",\"@id\":\"https:\/\/conferences-institute.eu\/risques-operationnels\/#website\",\"url\":\"https:\/\/conferences-institute.eu\/risques-operationnels\/\",\"name\":\"GESTION RISQUE OP\u00c9RATIONNEL\",\"description\":\"S\u00e9minaire Gestion Risque Op\u00e9rationnel\",\"potentialAction\":[{\"@type\":\"SearchAction\",\"target\":{\"@type\":\"EntryPoint\",\"urlTemplate\":\"https:\/\/conferences-institute.eu\/risques-operationnels\/?s={search_term_string}\"},\"query-input\":{\"@type\":\"PropertyValueSpecification\",\"valueRequired\":true,\"valueName\":\"search_term_string\"}}],\"inLanguage\":\"fr-FR\"}]}<\/script>\n<!-- \/ Yoast SEO plugin. -->","yoast_head_json":{"title":"Conf\u00e9rence 2014 - GESTION RISQUE OP\u00c9RATIONNEL","robots":{"index":"index","follow":"follow","max-snippet":"max-snippet:-1","max-image-preview":"max-image-preview:large","max-video-preview":"max-video-preview:-1"},"canonical":"https:\/\/conferences-institute.eu\/risques-operationnels\/conference-2014\/","og_locale":"fr_FR","og_type":"article","og_title":"Conf\u00e9rence 2014 - GESTION RISQUE OP\u00c9RATIONNEL","og_description":"Gestion des Risques\u00a0Op\u00e9rationnels dans\u00a0l\u2019Industrie Financi\u00e8re Retrouvez le PDF ICI Quel cadre op\u00e9rationnel coh\u00e9rent pour la gestion\u00a0des risques op\u00e9rationnels ? Best practices des m\u00e9thodologies et outils actuels Les risques op\u00e9rationnels : Le facteur humain au coeur du\u00a0dispositif de GRO Outils de gestion du risque op\u00e9rationnel : Au-del\u00e0 de\u00a0l\u2019exigence r\u00e9glementaire une valeur ajout\u00e9e r\u00e9elle Ma\u00eetriser des risques En savoir plus surConf\u00e9rence 2014[&hellip;]","og_url":"https:\/\/conferences-institute.eu\/risques-operationnels\/conference-2014\/","og_site_name":"GESTION RISQUE OP\u00c9RATIONNEL","article_modified_time":"2016-02-10T14:23:20+00:00","twitter_card":"summary_large_image","twitter_misc":{"Dur\u00e9e de lecture estim\u00e9e":"3 minutes"},"schema":{"@context":"https:\/\/schema.org","@graph":[{"@type":"WebPage","@id":"https:\/\/conferences-institute.eu\/risques-operationnels\/conference-2014\/","url":"https:\/\/conferences-institute.eu\/risques-operationnels\/conference-2014\/","name":"Conf\u00e9rence 2014 - GESTION RISQUE OP\u00c9RATIONNEL","isPartOf":{"@id":"https:\/\/conferences-institute.eu\/risques-operationnels\/#website"},"datePublished":"2016-02-10T13:12:17+00:00","dateModified":"2016-02-10T14:23:20+00:00","breadcrumb":{"@id":"https:\/\/conferences-institute.eu\/risques-operationnels\/conference-2014\/#breadcrumb"},"inLanguage":"fr-FR","potentialAction":[{"@type":"ReadAction","target":["https:\/\/conferences-institute.eu\/risques-operationnels\/conference-2014\/"]}]},{"@type":"BreadcrumbList","@id":"https:\/\/conferences-institute.eu\/risques-operationnels\/conference-2014\/#breadcrumb","itemListElement":[{"@type":"ListItem","position":1,"name":"Accueil","item":"https:\/\/conferences-institute.eu\/risques-operationnels\/"},{"@type":"ListItem","position":2,"name":"Conf\u00e9rence 2014"}]},{"@type":"WebSite","@id":"https:\/\/conferences-institute.eu\/risques-operationnels\/#website","url":"https:\/\/conferences-institute.eu\/risques-operationnels\/","name":"GESTION RISQUE OP\u00c9RATIONNEL","description":"S\u00e9minaire Gestion Risque Op\u00e9rationnel","potentialAction":[{"@type":"SearchAction","target":{"@type":"EntryPoint","urlTemplate":"https:\/\/conferences-institute.eu\/risques-operationnels\/?s={search_term_string}"},"query-input":{"@type":"PropertyValueSpecification","valueRequired":true,"valueName":"search_term_string"}}],"inLanguage":"fr-FR"}]}},"_links":{"self":[{"href":"https:\/\/conferences-institute.eu\/risques-operationnels\/wp-json\/wp\/v2\/pages\/7","targetHints":{"allow":["GET"]}}],"collection":[{"href":"https:\/\/conferences-institute.eu\/risques-operationnels\/wp-json\/wp\/v2\/pages"}],"about":[{"href":"https:\/\/conferences-institute.eu\/risques-operationnels\/wp-json\/wp\/v2\/types\/page"}],"author":[{"embeddable":true,"href":"https:\/\/conferences-institute.eu\/risques-operationnels\/wp-json\/wp\/v2\/users\/1"}],"replies":[{"embeddable":true,"href":"https:\/\/conferences-institute.eu\/risques-operationnels\/wp-json\/wp\/v2\/comments?post=7"}],"version-history":[{"count":3,"href":"https:\/\/conferences-institute.eu\/risques-operationnels\/wp-json\/wp\/v2\/pages\/7\/revisions"}],"predecessor-version":[{"id":32,"href":"https:\/\/conferences-institute.eu\/risques-operationnels\/wp-json\/wp\/v2\/pages\/7\/revisions\/32"}],"wp:attachment":[{"href":"https:\/\/conferences-institute.eu\/risques-operationnels\/wp-json\/wp\/v2\/media?parent=7"}],"curies":[{"name":"wp","href":"https:\/\/api.w.org\/{rel}","templated":true}]}}