{"id":5,"date":"2016-02-10T14:12:05","date_gmt":"2016-02-10T13:12:05","guid":{"rendered":"http:\/\/conferences-institute.eu\/risques-operationnels\/?page_id=5"},"modified":"2016-02-10T15:20:26","modified_gmt":"2016-02-10T14:20:26","slug":"conference-2013","status":"publish","type":"page","link":"https:\/\/conferences-institute.eu\/risques-operationnels\/conference-2013\/","title":{"rendered":"Conf\u00e9rence 2013"},"content":{"rendered":"<h2><span style=\"color: #ff0000;\">Gestion des risques\u00a0op\u00e9rationnels<\/span><\/h2>\n<p><a class=\"fasc-button fasc-size-medium fasc-type-glossy fasc-rounded-medium\" style=\"background-color: #c26b6b; color: #ffffff;\" href=\"https:\/\/conferences-institute.eu\/risques-operationnels\/wp-content\/uploads\/sites\/7\/2016\/02\/Arrow-Institute_Risques-Op\u00e9rationnels_Septembre-2013_programme.pdf\" target=\"_blank\" data-fasc-style=\"background-color:#c26b6b;color:#ffffff;\">Retrouvez le PDF ICI<\/a><\/p>\n<p><span style=\"color: #0000ff;\"><strong>Quel cadre op\u00e9rationnel coh\u00e9rent pour\u00a0la gestion des risques op\u00e9rationnels ?<\/strong><\/span><\/p>\n<ul>\n<li><span style=\"color: #0000ff;\">Best practices des m\u00e9thodologies et outils actuels<\/span><\/li>\n<li><span style=\"color: #0000ff;\">Articulation entre GRO et contr\u00f4le permanent<\/span><\/li>\n<li><span style=\"color: #0000ff;\">Assurabilit\u00e9 des risques op\u00e9rationnels<\/span><\/li>\n<li><span style=\"color: #0000ff;\">Ma\u00eetrise des risques op\u00e9rationnels li\u00e9s \u00e0 l\u2019externalisation:\u00a0le cas du cloud computing<\/span><\/li>\n<li><span style=\"color: #0000ff;\">Missions de contr\u00f4le sur place et proc\u00e9dures disciplinaires\u00a0de l\u2019ACP et de l\u2019AMF<\/span><\/li>\n<li><span style=\"color: #0000ff;\">Pourquoi et comment mettre en oeuvre la norme\u00a0ISO 31000 ?<\/span><\/li>\n<li><span style=\"color: #0000ff;\">Exploiter au mieux les cartographies de risques<\/span><\/li>\n<li><span style=\"color: #0000ff;\">L\u2019enjeu op\u00e9rationnel des risques psychosociaux<\/span><\/li>\n<\/ul>\n<p><strong>Orateurs:<\/strong><\/p>\n<p><strong>Viet-Linh Nguyen,\u00a0<\/strong>Autorit\u00e9 de Contr\u00f4le Prudentiel<br \/>\n<strong>Jean-Luc Masselin,\u00a0<\/strong>Banque Neuflize OBC<br \/>\n<strong>Alex Dali,\u00a0<\/strong>Global Institute for Risk,\u00a0Management Standards<br \/>\n<strong>Laurent Caron,\u00a0<\/strong>Cabinet Caron<br \/>\n<strong>Philippe Velard,\u00a0<\/strong>Gras Savoye<br \/>\n<strong>Beno\u00eet Cougnaud,\u00a0<\/strong>Azerrisk Advantage<br \/>\n<strong>Dan Chelly,\u00a0<\/strong>Optimind Winter<br \/>\n<strong>Fr\u00e9d\u00e9ric Echenne,\u00a0<\/strong>PhD Conseiller juridique<br \/>\n<strong>Christophe Ayela,\u00a0<\/strong>Szpiner-Toby-Ayela-Semerdjian<br \/>\n<strong>Christian van den Haute,\u00a0<\/strong>Praevens SAS<br \/>\n<strong>Michel Tamponnet,\u00a0<\/strong>Contr\u00f4le Interne<br \/>\n<strong>Rapha\u00ebl Gusdorf\u00a0<\/strong>AXA Group<\/p>\n<p>Jeudi 26 septembre 2013<br \/>\n08:30 Accueil des participants<br \/>\n09:00 Le point de vue du r\u00e9gulateur : vers une meilleure prise en compte du risque\u00a0op\u00e9rationnel ?<\/p>\n<ul>\n<li>Enjeux et travaux en cours au niveau international et europ\u00e9en<\/li>\n<li>La gestion du risque op\u00e9rationnel au sein des institutions financi\u00e8res : quelques bonnes pratiques et points d\u2019attention<br \/>\nViet-Linh Nguyen, Service des affaires internationales Banques\u00a0\u2022 Autorit\u00e9 de Contr\u00f4le Prudentiel (ACP)<\/li>\n<\/ul>\n<p>10:00 Comment articuler la gestion des risques op\u00e9rationnels avec le contr\u00f4le\u00a0permanent ?<\/p>\n<ul>\n<li>De l\u2019importance de r\u00e9f\u00e9rentiels communs ? Les enjeux et solutions<\/li>\n<li>Identifier et g\u00e9rer les diff\u00e9rences de p\u00e9rim\u00e8tre et d\u2019approche<\/li>\n<li>Composer les deux pour faire ressortir la valeur ajout\u00e9e de chacun des \u00e9l\u00e9ments<br \/>\nJean-Luc Masselin, Direction du Risque &#8211; Directeur du Contr\u00f4le Interne \u2022 Banque Neuflize OBC<\/li>\n<\/ul>\n<p>11:00 Pause-caf\u00e9<br \/>\n11:30 Le transfert du risque \u00e0 l\u2019assureur, partie int\u00e9grante de la gestion du risque<\/p>\n<ul>\n<li>Le paysage du risque op\u00e9rationnel et des polices d\u2019assurances en 2013<\/li>\n<li>Cas pratiques d\u2019interaction entre risk management et assurance : des d\u00e9cisions d\u2019assurance directement issues des projets risque op\u00e9rationnel<br \/>\nPhilippe Velard, Finex\/Financial Lines \u2022 Gras Savoye Willis Specialties<\/li>\n<\/ul>\n<p>12:30 D\u00e9jeuner<br \/>\n14:00 Pourquoi et comment mettre en oeuvre la norme ISO 31000 ?\u00a0Replacer la GRO dans le cadre du management global des risques bas\u00e9 sur la\u00a0norme internationale ISO 31000 en management des risques<\/p>\n<ul>\n<li>Pourquoi une nouvelle norme de management des risques ?<\/li>\n<li>Quel cadre organisationnel ?<\/li>\n<li>Quels changements dans le processus de management des risques ?<\/li>\n<li>R\u00e9sultats de l\u2019enqu\u00eate internationale sur la norme ISO 31000 dans le monde.\u00a0Cas de la France<br \/>\nAlex Dali, President &#8211; G31000, non-profit organisation for raising awareness on ISO 31000\u00a0\u2022 Global Institute for Risk Management Standards<\/li>\n<\/ul>\n<p>15:00 Ma\u00eetrise des aspects op\u00e9rationnels de l\u2019externalisation<\/p>\n<ul>\n<li>Les typologies d\u2019externalisation<\/li>\n<li>Les risques li\u00e9s \u00e0 l\u2019externalisation<\/li>\n<li>Les contraintes et exigences li\u00e9es \u00e0 l\u2019externalisation<\/li>\n<li>Le dispositif de Contr\u00f4le<\/li>\n<li>Conclusion : La Gouvernance en mati\u00e8re d\u2019externalisation<br \/>\nMichel Tamponnet, Contr\u00f4le Interne<\/li>\n<\/ul>\n<p>16:00 Pause-caf\u00e9<br \/>\n16:30 Gestion de l\u2019externalisation : aspects op\u00e9rationnels et juridiques\u00a0du \u00ab Cloud Computing \u00bb<br \/>\nLaurent Caron, Avocat au barreau de Paris \u2022 Cabinet Caron<br \/>\n17:30 Fin de la premi\u00e8re journ\u00e9e<\/p>\n<p>Vendredi 27 septembre 2013<\/p>\n<p>08:30 Accueil des participants<\/p>\n<p>09:00 Maintenir dans la dur\u00e9e et exploiter au mieux les cartographies de risques\u00a0op\u00e9rationnels<\/p>\n<ul>\n<li>Quel poids donner \u00e0 l\u2019approche par processus ?<\/li>\n<li>Limiter les risques li\u00e9s \u00e0 un alourdissement de la d\u00e9marche<\/li>\n<li>Exploiter et faire m\u00fbrir les cartographies<br \/>\nBeno\u00eet Cougnaud, Associ\u00e9 \u2022 Azerrisk Advantage<\/li>\n<\/ul>\n<p>10:00 Les risques fronti\u00e8res : r\u00e9els enjeux des risques op\u00e9rationnels ?<\/p>\n<ul>\n<li>Comment limiter le risque d\u2019une classification incorrecte d\u2019un \u00e9v\u00e9nement de\u00a0perte ?<\/li>\n<li>Vers une analyse de l\u2019imbrication \/ articulation des risques<\/li>\n<li>Quelles d\u00e9marches d\u2019analyses de sc\u00e9narios de risques majeurs ?<br \/>\nDan Chelly, Directeur M\u00e9tier, risk management, audit et contr\u00f4le interne \u2022 Optimind Winter<\/li>\n<\/ul>\n<p>11:00 Pause-caf\u00e9<br \/>\n11:30 Comment faire face aux visites inopin\u00e9es des autorit\u00e9s de contr\u00f4les ?<\/p>\n<ul>\n<li>Intensification des contr\u00f4les et renforcement des pouvoirs des autorit\u00e9s r\u00e9pressives<\/li>\n<li>Qu\u2019est-ce qu\u2019une visite inopin\u00e9e ?<\/li>\n<li>Comment r\u00e9agir ? Descriptif d\u2019un dispositif \u00e0 mettre en place<br \/>\nFr\u00e9d\u00e9ric Echenne, PhD Conseiller juridique<\/li>\n<\/ul>\n<p>12:30 D\u00e9jeuner<\/p>\n<p>14:00 La mise en place d\u2019un mod\u00e8le interne Risque Op\u00e9rationnel au sein d\u2019une\u00a0compagnie d\u2019assurances<\/p>\n<ul>\n<li>Etat des lieux sur les exigences r\u00e8glementaires et le calendrier de Solvabilit\u00e9 II<\/li>\n<li>Les b\u00e9n\u00e9fices d\u2019une approche par sc\u00e9narions<\/li>\n<li>Retour d\u2019exp\u00e9rience<br \/>\nRapha\u00ebl Gusdorf, Group Operational Risk Manager \u2022 AXA Group<\/li>\n<\/ul>\n<p>15:00 L\u2019enjeu op\u00e9rationnel des risques psychosociaux<\/p>\n<ul>\n<li>Approche Banque-Finance-Assurance : les sp\u00e9cificit\u00e9s<\/li>\n<li>Approche par les risques : les indicateurs de pertes op\u00e9rationnelles<\/li>\n<li>Approche Management : responsabilit\u00e9s des dirigeants<br \/>\nChristophe Ayela, Avocat associ\u00e9 \u2022 Szpiner-Toby-Ayela-Semerdjian<br \/>\nChristian van den Haute, Pr\u00e9sident \u2022 Praevens SAS &#8211; Conseil en Pr\u00e9vention des Risques\u00a0Psychosociaux<\/li>\n<\/ul>\n<p>16:00 Fin de la conf\u00e9rence<\/p>\n<p>&nbsp;<\/p>\n<p><a class=\"fasc-button fasc-size-medium fasc-type-glossy fasc-rounded-medium\" style=\"background-color: #c26b6b; color: #ffffff;\" href=\"https:\/\/conferences-institute.eu\/risques-operationnels\/wp-content\/uploads\/sites\/7\/2016\/02\/Arrow-Institute_Risques-Op\u00e9rationnels_Septembre-2013_programme.pdf\" target=\"_blank\" data-fasc-style=\"background-color:#c26b6b;color:#ffffff;\">Retrouvez le PDF ICI<\/a><\/p>\n","protected":false},"excerpt":{"rendered":"<p>Gestion des risques\u00a0op\u00e9rationnels Retrouvez le PDF ICI Quel cadre op\u00e9rationnel coh\u00e9rent pour\u00a0la gestion des risques op\u00e9rationnels ? Best practices des m\u00e9thodologies et outils actuels Articulation entre GRO et contr\u00f4le permanent Assurabilit\u00e9 des risques op\u00e9rationnels Ma\u00eetrise des risques op\u00e9rationnels li\u00e9s \u00e0 l\u2019externalisation:\u00a0le cas du cloud computing Missions de contr\u00f4le sur place et proc\u00e9dures disciplinaires\u00a0de l\u2019ACP et <a href=\"https:\/\/conferences-institute.eu\/risques-operationnels\/conference-2013\/\" rel=\"nofollow\"><span class=\"sr-only\">En savoir plus surConf\u00e9rence 2013<\/span>[&hellip;]<\/a><\/p>\n","protected":false},"author":1,"featured_media":0,"parent":0,"menu_order":0,"comment_status":"closed","ping_status":"closed","template":"","meta":{"_monsterinsights_skip_tracking":false,"_monsterinsights_sitenote_active":false,"_monsterinsights_sitenote_note":"","_monsterinsights_sitenote_category":0,"footnotes":""},"class_list":["post-5","page","type-page","status-publish"],"yoast_head":"<!-- This site is optimized with the Yoast SEO plugin v27.1.1 - https:\/\/yoast.com\/product\/yoast-seo-wordpress\/ -->\n<title>Conf\u00e9rence 2013 - GESTION RISQUE OP\u00c9RATIONNEL<\/title>\n<meta name=\"robots\" content=\"index, follow, max-snippet:-1, max-image-preview:large, max-video-preview:-1\" \/>\n<link rel=\"canonical\" href=\"https:\/\/conferences-institute.eu\/risques-operationnels\/conference-2013\/\" \/>\n<meta property=\"og:locale\" content=\"fr_FR\" \/>\n<meta property=\"og:type\" content=\"article\" \/>\n<meta property=\"og:title\" content=\"Conf\u00e9rence 2013 - GESTION RISQUE OP\u00c9RATIONNEL\" \/>\n<meta property=\"og:description\" content=\"Gestion des risques\u00a0op\u00e9rationnels Retrouvez le PDF ICI Quel cadre op\u00e9rationnel coh\u00e9rent pour\u00a0la gestion des risques op\u00e9rationnels ? Best practices des m\u00e9thodologies et outils actuels Articulation entre GRO et contr\u00f4le permanent Assurabilit\u00e9 des risques op\u00e9rationnels Ma\u00eetrise des risques op\u00e9rationnels li\u00e9s \u00e0 l\u2019externalisation:\u00a0le cas du cloud computing Missions de contr\u00f4le sur place et proc\u00e9dures disciplinaires\u00a0de l\u2019ACP et En savoir plus surConf\u00e9rence 2013[&hellip;]\" \/>\n<meta property=\"og:url\" content=\"https:\/\/conferences-institute.eu\/risques-operationnels\/conference-2013\/\" \/>\n<meta property=\"og:site_name\" content=\"GESTION RISQUE OP\u00c9RATIONNEL\" \/>\n<meta property=\"article:modified_time\" content=\"2016-02-10T14:20:26+00:00\" \/>\n<meta name=\"twitter:card\" content=\"summary_large_image\" \/>\n<meta name=\"twitter:label1\" content=\"Dur\u00e9e de lecture estim\u00e9e\" \/>\n\t<meta name=\"twitter:data1\" content=\"4 minutes\" \/>\n<script type=\"application\/ld+json\" class=\"yoast-schema-graph\">{\"@context\":\"https:\/\/schema.org\",\"@graph\":[{\"@type\":\"WebPage\",\"@id\":\"https:\/\/conferences-institute.eu\/risques-operationnels\/conference-2013\/\",\"url\":\"https:\/\/conferences-institute.eu\/risques-operationnels\/conference-2013\/\",\"name\":\"Conf\u00e9rence 2013 - GESTION RISQUE OP\u00c9RATIONNEL\",\"isPartOf\":{\"@id\":\"https:\/\/conferences-institute.eu\/risques-operationnels\/#website\"},\"datePublished\":\"2016-02-10T13:12:05+00:00\",\"dateModified\":\"2016-02-10T14:20:26+00:00\",\"breadcrumb\":{\"@id\":\"https:\/\/conferences-institute.eu\/risques-operationnels\/conference-2013\/#breadcrumb\"},\"inLanguage\":\"fr-FR\",\"potentialAction\":[{\"@type\":\"ReadAction\",\"target\":[\"https:\/\/conferences-institute.eu\/risques-operationnels\/conference-2013\/\"]}]},{\"@type\":\"BreadcrumbList\",\"@id\":\"https:\/\/conferences-institute.eu\/risques-operationnels\/conference-2013\/#breadcrumb\",\"itemListElement\":[{\"@type\":\"ListItem\",\"position\":1,\"name\":\"Accueil\",\"item\":\"https:\/\/conferences-institute.eu\/risques-operationnels\/\"},{\"@type\":\"ListItem\",\"position\":2,\"name\":\"Conf\u00e9rence 2013\"}]},{\"@type\":\"WebSite\",\"@id\":\"https:\/\/conferences-institute.eu\/risques-operationnels\/#website\",\"url\":\"https:\/\/conferences-institute.eu\/risques-operationnels\/\",\"name\":\"GESTION RISQUE OP\u00c9RATIONNEL\",\"description\":\"S\u00e9minaire Gestion Risque Op\u00e9rationnel\",\"potentialAction\":[{\"@type\":\"SearchAction\",\"target\":{\"@type\":\"EntryPoint\",\"urlTemplate\":\"https:\/\/conferences-institute.eu\/risques-operationnels\/?s={search_term_string}\"},\"query-input\":{\"@type\":\"PropertyValueSpecification\",\"valueRequired\":true,\"valueName\":\"search_term_string\"}}],\"inLanguage\":\"fr-FR\"}]}<\/script>\n<!-- \/ Yoast SEO plugin. -->","yoast_head_json":{"title":"Conf\u00e9rence 2013 - GESTION RISQUE OP\u00c9RATIONNEL","robots":{"index":"index","follow":"follow","max-snippet":"max-snippet:-1","max-image-preview":"max-image-preview:large","max-video-preview":"max-video-preview:-1"},"canonical":"https:\/\/conferences-institute.eu\/risques-operationnels\/conference-2013\/","og_locale":"fr_FR","og_type":"article","og_title":"Conf\u00e9rence 2013 - GESTION RISQUE OP\u00c9RATIONNEL","og_description":"Gestion des risques\u00a0op\u00e9rationnels Retrouvez le PDF ICI Quel cadre op\u00e9rationnel coh\u00e9rent pour\u00a0la gestion des risques op\u00e9rationnels ? Best practices des m\u00e9thodologies et outils actuels Articulation entre GRO et contr\u00f4le permanent Assurabilit\u00e9 des risques op\u00e9rationnels Ma\u00eetrise des risques op\u00e9rationnels li\u00e9s \u00e0 l\u2019externalisation:\u00a0le cas du cloud computing Missions de contr\u00f4le sur place et proc\u00e9dures disciplinaires\u00a0de l\u2019ACP et En savoir plus surConf\u00e9rence 2013[&hellip;]","og_url":"https:\/\/conferences-institute.eu\/risques-operationnels\/conference-2013\/","og_site_name":"GESTION RISQUE OP\u00c9RATIONNEL","article_modified_time":"2016-02-10T14:20:26+00:00","twitter_card":"summary_large_image","twitter_misc":{"Dur\u00e9e de lecture estim\u00e9e":"4 minutes"},"schema":{"@context":"https:\/\/schema.org","@graph":[{"@type":"WebPage","@id":"https:\/\/conferences-institute.eu\/risques-operationnels\/conference-2013\/","url":"https:\/\/conferences-institute.eu\/risques-operationnels\/conference-2013\/","name":"Conf\u00e9rence 2013 - GESTION RISQUE OP\u00c9RATIONNEL","isPartOf":{"@id":"https:\/\/conferences-institute.eu\/risques-operationnels\/#website"},"datePublished":"2016-02-10T13:12:05+00:00","dateModified":"2016-02-10T14:20:26+00:00","breadcrumb":{"@id":"https:\/\/conferences-institute.eu\/risques-operationnels\/conference-2013\/#breadcrumb"},"inLanguage":"fr-FR","potentialAction":[{"@type":"ReadAction","target":["https:\/\/conferences-institute.eu\/risques-operationnels\/conference-2013\/"]}]},{"@type":"BreadcrumbList","@id":"https:\/\/conferences-institute.eu\/risques-operationnels\/conference-2013\/#breadcrumb","itemListElement":[{"@type":"ListItem","position":1,"name":"Accueil","item":"https:\/\/conferences-institute.eu\/risques-operationnels\/"},{"@type":"ListItem","position":2,"name":"Conf\u00e9rence 2013"}]},{"@type":"WebSite","@id":"https:\/\/conferences-institute.eu\/risques-operationnels\/#website","url":"https:\/\/conferences-institute.eu\/risques-operationnels\/","name":"GESTION RISQUE OP\u00c9RATIONNEL","description":"S\u00e9minaire Gestion Risque Op\u00e9rationnel","potentialAction":[{"@type":"SearchAction","target":{"@type":"EntryPoint","urlTemplate":"https:\/\/conferences-institute.eu\/risques-operationnels\/?s={search_term_string}"},"query-input":{"@type":"PropertyValueSpecification","valueRequired":true,"valueName":"search_term_string"}}],"inLanguage":"fr-FR"}]}},"_links":{"self":[{"href":"https:\/\/conferences-institute.eu\/risques-operationnels\/wp-json\/wp\/v2\/pages\/5","targetHints":{"allow":["GET"]}}],"collection":[{"href":"https:\/\/conferences-institute.eu\/risques-operationnels\/wp-json\/wp\/v2\/pages"}],"about":[{"href":"https:\/\/conferences-institute.eu\/risques-operationnels\/wp-json\/wp\/v2\/types\/page"}],"author":[{"embeddable":true,"href":"https:\/\/conferences-institute.eu\/risques-operationnels\/wp-json\/wp\/v2\/users\/1"}],"replies":[{"embeddable":true,"href":"https:\/\/conferences-institute.eu\/risques-operationnels\/wp-json\/wp\/v2\/comments?post=5"}],"version-history":[{"count":3,"href":"https:\/\/conferences-institute.eu\/risques-operationnels\/wp-json\/wp\/v2\/pages\/5\/revisions"}],"predecessor-version":[{"id":28,"href":"https:\/\/conferences-institute.eu\/risques-operationnels\/wp-json\/wp\/v2\/pages\/5\/revisions\/28"}],"wp:attachment":[{"href":"https:\/\/conferences-institute.eu\/risques-operationnels\/wp-json\/wp\/v2\/media?parent=5"}],"curies":[{"name":"wp","href":"https:\/\/api.w.org\/{rel}","templated":true}]}}