{"id":44,"date":"2016-02-18T10:51:47","date_gmt":"2016-02-18T09:51:47","guid":{"rendered":"http:\/\/conferences-institute.eu\/excellence-operationnelle\/?page_id=44"},"modified":"2016-02-18T10:51:47","modified_gmt":"2016-02-18T09:51:47","slug":"presentation-slideshare-seminaire-de-formation","status":"publish","type":"page","link":"https:\/\/conferences-institute.eu\/excellence-operationnelle\/presentation-slideshare-seminaire-de-formation\/","title":{"rendered":"Pr\u00e9sentation Slideshare s\u00e9minaire de formation"},"content":{"rendered":"<p><iframe loading=\"lazy\" style=\"border: 1px solid #CCC; border-width: 1px; margin-bottom: 5px; max-width: 100%;\" src=\"\/\/fr.slideshare.net\/slideshow\/embed_code\/key\/3bmTylc9Phvos5\" width=\"595\" height=\"485\" frameborder=\"0\" marginwidth=\"0\" marginheight=\"0\" scrolling=\"no\" allowfullscreen=\"allowfullscreen\"> <\/iframe><\/p>\n<div style=\"margin-bottom: 5px;\"><span style=\"color: #000000;\"><strong> <a style=\"color: #000000;\" title=\"R\u00e8glement \/ Livraison et conservation des titres: Evolution des infrastructure de march\u00e9 en Europe\" href=\"\/\/fr.slideshare.net\/Arrowinstitute\/rglement-livraison-et-conservation-des-titres-evolution-des-infrastructure-de-march-en-europe\" target=\"_blank\">R\u00e8glement \/ Livraison et conservation des titres: Evolution des infrastructure de march\u00e9 en Europe<\/a> <\/strong> from <strong><a style=\"color: #000000;\" href=\"\/\/fr.slideshare.net\/Arrowinstitute\" target=\"_blank\">Arrow Institute<\/a><\/strong><\/span><\/div>\n<p><iframe loading=\"lazy\" style=\"border: 1px solid #CCC; border-width: 1px; margin-bottom: 5px; max-width: 100%;\" src=\"\/\/fr.slideshare.net\/slideshow\/embed_code\/key\/dY37AoVm2jfhzW\" width=\"595\" height=\"485\" frameborder=\"0\" marginwidth=\"0\" marginheight=\"0\" scrolling=\"no\" allowfullscreen=\"allowfullscreen\"> <\/iframe><\/p>\n<div style=\"margin-bottom: 5px;\"><span style=\"color: #000000;\"><strong> <a style=\"color: #000000;\" title=\"Il y a 3000 ans, des contrats d\u2019Epargne et Cr\u00e9dits Rotatifs par Associations \u00e9taient grav\u00e9s sur des tablettes D\u2019argile.\" href=\"\/\/fr.slideshare.net\/Arrowinstitute\/il-y-a-3000-ans-des-contrats-depargne-et-crdits-rotatifs-par-associations-taient-gravs-sur-des-tablettes-dargile\" target=\"_blank\">Il y a 3000 ans, des contrats d\u2019Epargne et Cr\u00e9dits Rotatifs par Associations \u00e9taient grav\u00e9s sur des tablettes D\u2019argile.<\/a> <\/strong> from <strong><a style=\"color: #000000;\" href=\"\/\/fr.slideshare.net\/Arrowinstitute\" target=\"_blank\">Arrow Institute<\/a><\/strong><\/span><\/div>\n<p><iframe loading=\"lazy\" style=\"border: 1px solid #CCC; border-width: 1px; margin-bottom: 5px; max-width: 100%;\" src=\"\/\/fr.slideshare.net\/slideshow\/embed_code\/key\/aAKxZcwOc5AxSg\" width=\"595\" height=\"485\" frameborder=\"0\" marginwidth=\"0\" marginheight=\"0\" scrolling=\"no\" allowfullscreen=\"allowfullscreen\"> <\/iframe><\/p>\n<div style=\"margin-bottom: 5px;\"><span style=\"color: #000000;\"><strong> <a style=\"color: #000000;\" title=\"Une approche Lean Innovante pour le pilotage m\u00e9tier\" href=\"\/\/fr.slideshare.net\/Arrowinstitute\/une-approche-lean-innovante-pour-le-pilotage-mtier\" target=\"_blank\">Une approche Lean Innovante pour le pilotage m\u00e9tier<\/a> <\/strong> from <strong><a style=\"color: #000000;\" href=\"\/\/fr.slideshare.net\/Arrowinstitute\" target=\"_blank\">Arrow Institute<\/a><\/strong><\/span><\/div>\n<p><iframe loading=\"lazy\" style=\"border: 1px solid #CCC; border-width: 1px; margin-bottom: 5px; max-width: 100%;\" src=\"\/\/fr.slideshare.net\/slideshow\/embed_code\/key\/wupPnDb5WPdPNd\" width=\"595\" height=\"485\" frameborder=\"0\" marginwidth=\"0\" marginheight=\"0\" scrolling=\"no\" allowfullscreen=\"allowfullscreen\"> <\/iframe><\/p>\n<div style=\"margin-bottom: 5px;\"><span style=\"color: #000000;\"><strong> <a style=\"color: #000000;\" title=\"De la n\u00e9c\u00e9ssaire \u00e9volution de nos m\u00e9thodes de travail, en tant que professionnels du Lean 6 Sigma?\" href=\"\/\/fr.slideshare.net\/Arrowinstitute\/de-la-ncssaire-volution-de-nos-mthodes-de-travail-en-tant-que-professionnels-du-lean-6-sigma\" target=\"_blank\">De la n\u00e9c\u00e9ssaire \u00e9volution de nos m\u00e9thodes de travail, en tant que professionnels du Lean 6 Sigma?<\/a> <\/strong> from <strong><a style=\"color: #000000;\" href=\"\/\/fr.slideshare.net\/Arrowinstitute\" target=\"_blank\">Arrow Institute<\/a><\/strong><\/span><\/div>\n<p><iframe loading=\"lazy\" style=\"border: 1px solid #CCC; border-width: 1px; margin-bottom: 5px; max-width: 100%;\" src=\"\/\/fr.slideshare.net\/slideshow\/embed_code\/key\/qwEVOQXEI83qOw\" width=\"595\" height=\"485\" frameborder=\"0\" marginwidth=\"0\" marginheight=\"0\" scrolling=\"no\" allowfullscreen=\"allowfullscreen\"> <\/iframe><\/p>\n<div style=\"margin-bottom: 5px;\"><span style=\"color: #000000;\"><strong> <a style=\"color: #000000;\" title=\"Le Management par les Processus\" href=\"\/\/fr.slideshare.net\/Arrowinstitute\/le-management-par-les-processus\" target=\"_blank\">Le Management par les Processus<\/a> <\/strong> from <strong><a style=\"color: #000000;\" href=\"\/\/fr.slideshare.net\/Arrowinstitute\" target=\"_blank\">Arrow Institute<\/a><\/strong><\/span><\/div>\n","protected":false},"excerpt":{"rendered":"<p>R\u00e8glement \/ Livraison et conservation des titres: Evolution des infrastructure de march\u00e9 en Europe from Arrow Institute Il y a 3000 ans, des contrats d\u2019Epargne et Cr\u00e9dits Rotatifs par Associations \u00e9taient grav\u00e9s sur des tablettes D\u2019argile. from Arrow Institute Une approche Lean Innovante pour le pilotage m\u00e9tier from Arrow Institute De la n\u00e9c\u00e9ssaire \u00e9volution de <a href=\"https:\/\/conferences-institute.eu\/excellence-operationnelle\/presentation-slideshare-seminaire-de-formation\/\" rel=\"nofollow\"><span class=\"sr-only\">En savoir plus surPr\u00e9sentation Slideshare s\u00e9minaire de formation<\/span>[&hellip;]<\/a><\/p>\n","protected":false},"author":1,"featured_media":0,"parent":0,"menu_order":0,"comment_status":"closed","ping_status":"closed","template":"","meta":{"_monsterinsights_skip_tracking":false,"_monsterinsights_sitenote_active":false,"_monsterinsights_sitenote_note":"","_monsterinsights_sitenote_category":0,"footnotes":""},"class_list":["post-44","page","type-page","status-publish"],"yoast_head":"<!-- This site is optimized with the Yoast SEO plugin v27.1.1 - https:\/\/yoast.com\/product\/yoast-seo-wordpress\/ -->\n<title>Pr\u00e9sentation Slideshare s\u00e9minaire de formation - Excellence Operationnelle<\/title>\n<meta name=\"robots\" content=\"index, follow, max-snippet:-1, max-image-preview:large, max-video-preview:-1\" \/>\n<link rel=\"canonical\" href=\"http:\/\/conferences-institute.eu\/excellence-operationnelle\/presentation-slideshare-seminaire-de-formation\/\" \/>\n<meta property=\"og:locale\" content=\"fr_FR\" \/>\n<meta property=\"og:type\" content=\"article\" \/>\n<meta property=\"og:title\" content=\"Pr\u00e9sentation Slideshare s\u00e9minaire de formation - Excellence Operationnelle\" \/>\n<meta property=\"og:description\" content=\"R\u00e8glement \/ Livraison et conservation des titres: Evolution des infrastructure de march\u00e9 en Europe from Arrow Institute Il y a 3000 ans, des contrats d\u2019Epargne et Cr\u00e9dits Rotatifs par Associations \u00e9taient grav\u00e9s sur des tablettes D\u2019argile. from Arrow Institute Une approche Lean Innovante pour le pilotage m\u00e9tier from Arrow Institute De la n\u00e9c\u00e9ssaire \u00e9volution de En savoir plus surPr\u00e9sentation Slideshare s\u00e9minaire de formation[&hellip;]\" \/>\n<meta property=\"og:url\" content=\"http:\/\/conferences-institute.eu\/excellence-operationnelle\/presentation-slideshare-seminaire-de-formation\/\" \/>\n<meta property=\"og:site_name\" content=\"Excellence Operationnelle\" \/>\n<meta name=\"twitter:card\" content=\"summary_large_image\" \/>\n<script type=\"application\/ld+json\" class=\"yoast-schema-graph\">{\"@context\":\"https:\/\/schema.org\",\"@graph\":[{\"@type\":\"WebPage\",\"@id\":\"http:\/\/conferences-institute.eu\/excellence-operationnelle\/presentation-slideshare-seminaire-de-formation\/\",\"url\":\"http:\/\/conferences-institute.eu\/excellence-operationnelle\/presentation-slideshare-seminaire-de-formation\/\",\"name\":\"Pr\u00e9sentation Slideshare s\u00e9minaire de formation - Excellence Operationnelle\",\"isPartOf\":{\"@id\":\"https:\/\/conferences-institute.eu\/excellence-operationnelle\/#website\"},\"datePublished\":\"2016-02-18T09:51:47+00:00\",\"breadcrumb\":{\"@id\":\"http:\/\/conferences-institute.eu\/excellence-operationnelle\/presentation-slideshare-seminaire-de-formation\/#breadcrumb\"},\"inLanguage\":\"fr-FR\",\"potentialAction\":[{\"@type\":\"ReadAction\",\"target\":[\"http:\/\/conferences-institute.eu\/excellence-operationnelle\/presentation-slideshare-seminaire-de-formation\/\"]}]},{\"@type\":\"BreadcrumbList\",\"@id\":\"http:\/\/conferences-institute.eu\/excellence-operationnelle\/presentation-slideshare-seminaire-de-formation\/#breadcrumb\",\"itemListElement\":[{\"@type\":\"ListItem\",\"position\":1,\"name\":\"Accueil\",\"item\":\"https:\/\/conferences-institute.eu\/excellence-operationnelle\/\"},{\"@type\":\"ListItem\",\"position\":2,\"name\":\"Pr\u00e9sentation Slideshare s\u00e9minaire de formation\"}]},{\"@type\":\"WebSite\",\"@id\":\"https:\/\/conferences-institute.eu\/excellence-operationnelle\/#website\",\"url\":\"https:\/\/conferences-institute.eu\/excellence-operationnelle\/\",\"name\":\"Excellence Operationnelle\",\"description\":\"Conf\u00e9rences: Excellence Operationnelle \",\"publisher\":{\"@id\":\"https:\/\/conferences-institute.eu\/excellence-operationnelle\/#organization\"},\"potentialAction\":[{\"@type\":\"SearchAction\",\"target\":{\"@type\":\"EntryPoint\",\"urlTemplate\":\"https:\/\/conferences-institute.eu\/excellence-operationnelle\/?s={search_term_string}\"},\"query-input\":{\"@type\":\"PropertyValueSpecification\",\"valueRequired\":true,\"valueName\":\"search_term_string\"}}],\"inLanguage\":\"fr-FR\"},{\"@type\":\"Organization\",\"@id\":\"https:\/\/conferences-institute.eu\/excellence-operationnelle\/#organization\",\"name\":\"Excellence Operationnelle\",\"url\":\"https:\/\/conferences-institute.eu\/excellence-operationnelle\/\",\"logo\":{\"@type\":\"ImageObject\",\"inLanguage\":\"fr-FR\",\"@id\":\"https:\/\/conferences-institute.eu\/excellence-operationnelle\/#\/schema\/logo\/image\/\",\"url\":\"https:\/\/conferences-institute.eu\/excellence-operationnelle\/wp-content\/uploads\/sites\/5\/2016\/06\/logo.png.png\",\"contentUrl\":\"https:\/\/conferences-institute.eu\/excellence-operationnelle\/wp-content\/uploads\/sites\/5\/2016\/06\/logo.png.png\",\"width\":300,\"height\":80,\"caption\":\"Excellence Operationnelle\"},\"image\":{\"@id\":\"https:\/\/conferences-institute.eu\/excellence-operationnelle\/#\/schema\/logo\/image\/\"}}]}<\/script>\n<!-- \/ Yoast SEO plugin. -->","yoast_head_json":{"title":"Pr\u00e9sentation Slideshare s\u00e9minaire de formation - Excellence Operationnelle","robots":{"index":"index","follow":"follow","max-snippet":"max-snippet:-1","max-image-preview":"max-image-preview:large","max-video-preview":"max-video-preview:-1"},"canonical":"http:\/\/conferences-institute.eu\/excellence-operationnelle\/presentation-slideshare-seminaire-de-formation\/","og_locale":"fr_FR","og_type":"article","og_title":"Pr\u00e9sentation Slideshare s\u00e9minaire de formation - Excellence Operationnelle","og_description":"R\u00e8glement \/ Livraison et conservation des titres: Evolution des infrastructure de march\u00e9 en Europe from Arrow Institute Il y a 3000 ans, des contrats d\u2019Epargne et Cr\u00e9dits Rotatifs par Associations \u00e9taient grav\u00e9s sur des tablettes D\u2019argile. from Arrow Institute Une approche Lean Innovante pour le pilotage m\u00e9tier from Arrow Institute De la n\u00e9c\u00e9ssaire \u00e9volution de En savoir plus surPr\u00e9sentation Slideshare s\u00e9minaire de formation[&hellip;]","og_url":"http:\/\/conferences-institute.eu\/excellence-operationnelle\/presentation-slideshare-seminaire-de-formation\/","og_site_name":"Excellence Operationnelle","twitter_card":"summary_large_image","schema":{"@context":"https:\/\/schema.org","@graph":[{"@type":"WebPage","@id":"http:\/\/conferences-institute.eu\/excellence-operationnelle\/presentation-slideshare-seminaire-de-formation\/","url":"http:\/\/conferences-institute.eu\/excellence-operationnelle\/presentation-slideshare-seminaire-de-formation\/","name":"Pr\u00e9sentation Slideshare s\u00e9minaire de formation - Excellence Operationnelle","isPartOf":{"@id":"https:\/\/conferences-institute.eu\/excellence-operationnelle\/#website"},"datePublished":"2016-02-18T09:51:47+00:00","breadcrumb":{"@id":"http:\/\/conferences-institute.eu\/excellence-operationnelle\/presentation-slideshare-seminaire-de-formation\/#breadcrumb"},"inLanguage":"fr-FR","potentialAction":[{"@type":"ReadAction","target":["http:\/\/conferences-institute.eu\/excellence-operationnelle\/presentation-slideshare-seminaire-de-formation\/"]}]},{"@type":"BreadcrumbList","@id":"http:\/\/conferences-institute.eu\/excellence-operationnelle\/presentation-slideshare-seminaire-de-formation\/#breadcrumb","itemListElement":[{"@type":"ListItem","position":1,"name":"Accueil","item":"https:\/\/conferences-institute.eu\/excellence-operationnelle\/"},{"@type":"ListItem","position":2,"name":"Pr\u00e9sentation Slideshare s\u00e9minaire de formation"}]},{"@type":"WebSite","@id":"https:\/\/conferences-institute.eu\/excellence-operationnelle\/#website","url":"https:\/\/conferences-institute.eu\/excellence-operationnelle\/","name":"Excellence Operationnelle","description":"Conf\u00e9rences: Excellence Operationnelle ","publisher":{"@id":"https:\/\/conferences-institute.eu\/excellence-operationnelle\/#organization"},"potentialAction":[{"@type":"SearchAction","target":{"@type":"EntryPoint","urlTemplate":"https:\/\/conferences-institute.eu\/excellence-operationnelle\/?s={search_term_string}"},"query-input":{"@type":"PropertyValueSpecification","valueRequired":true,"valueName":"search_term_string"}}],"inLanguage":"fr-FR"},{"@type":"Organization","@id":"https:\/\/conferences-institute.eu\/excellence-operationnelle\/#organization","name":"Excellence Operationnelle","url":"https:\/\/conferences-institute.eu\/excellence-operationnelle\/","logo":{"@type":"ImageObject","inLanguage":"fr-FR","@id":"https:\/\/conferences-institute.eu\/excellence-operationnelle\/#\/schema\/logo\/image\/","url":"https:\/\/conferences-institute.eu\/excellence-operationnelle\/wp-content\/uploads\/sites\/5\/2016\/06\/logo.png.png","contentUrl":"https:\/\/conferences-institute.eu\/excellence-operationnelle\/wp-content\/uploads\/sites\/5\/2016\/06\/logo.png.png","width":300,"height":80,"caption":"Excellence Operationnelle"},"image":{"@id":"https:\/\/conferences-institute.eu\/excellence-operationnelle\/#\/schema\/logo\/image\/"}}]}},"_links":{"self":[{"href":"https:\/\/conferences-institute.eu\/excellence-operationnelle\/wp-json\/wp\/v2\/pages\/44","targetHints":{"allow":["GET"]}}],"collection":[{"href":"https:\/\/conferences-institute.eu\/excellence-operationnelle\/wp-json\/wp\/v2\/pages"}],"about":[{"href":"https:\/\/conferences-institute.eu\/excellence-operationnelle\/wp-json\/wp\/v2\/types\/page"}],"author":[{"embeddable":true,"href":"https:\/\/conferences-institute.eu\/excellence-operationnelle\/wp-json\/wp\/v2\/users\/1"}],"replies":[{"embeddable":true,"href":"https:\/\/conferences-institute.eu\/excellence-operationnelle\/wp-json\/wp\/v2\/comments?post=44"}],"version-history":[{"count":1,"href":"https:\/\/conferences-institute.eu\/excellence-operationnelle\/wp-json\/wp\/v2\/pages\/44\/revisions"}],"predecessor-version":[{"id":45,"href":"https:\/\/conferences-institute.eu\/excellence-operationnelle\/wp-json\/wp\/v2\/pages\/44\/revisions\/45"}],"wp:attachment":[{"href":"https:\/\/conferences-institute.eu\/excellence-operationnelle\/wp-json\/wp\/v2\/media?parent=44"}],"curies":[{"name":"wp","href":"https:\/\/api.w.org\/{rel}","templated":true}]}}