{"id":2,"date":"2016-02-09T10:35:19","date_gmt":"2016-02-09T09:35:19","guid":{"rendered":"http:\/\/conferences-institute.eu\/bale-iii\/?page_id=2"},"modified":"2016-02-10T16:14:45","modified_gmt":"2016-02-10T15:14:45","slug":"annees-precedentes","status":"publish","type":"page","link":"https:\/\/conferences-institute.eu\/bale-iii\/annees-precedentes\/","title":{"rendered":"Ann\u00e9es pr\u00e9c\u00e9dentes"},"content":{"rendered":"<p><strong>Pourquoi participer ?<\/strong><br \/>\nLe Comit\u00e9 de B\u00e2le, charg\u00e9 de coordonner\u00a0la r\u00e9gulation internationale du secteur\u00a0bancaire, a d\u00e9cid\u00e9 d\u2019\u00e9taler sur quatre ans \u00e0\u00a0partir de janvier 2015 la mise en application\u00a0de la r\u00e8gle du \u00abratio de liquidit\u00e9 \u00e0 court\u00a0terme\u00bb (LCR, liquidity coverage ratio), tout en\u00a0\u00e9largissant entre autres aux actions et aux\u00a0pr\u00eats immobiliers r\u00e9sidentiels titris\u00e9s (RMBS,\u00a0not\u00e9s AA ou mieux) la gamme des actifs<br \/>\n\u00e9ligibles \u00e0 ces r\u00e9serves de liquidit\u00e9s.<br \/>\nCette flexibilit\u00e9 accrue doit permettre aux\u00a0banques de constituer leurs r\u00e9serves de\u00a0liquidit\u00e9s obligatoires, afin qu\u2019elles puissent\u00a0consacrer une partie de leurs r\u00e9serves au\u00a0soutien \u00e0 la reprise \u00e9conomique.<br \/>\nLes nouvelles r\u00e8gles du Comit\u00e9 de B\u00e2le vise\u00a0principalement \u00e0 :<br \/>\n\u2022 renforcer le niveau et la qualit\u00e9 des fonds\u00a0propres (\u00abtier one et core tier one\u00bb) ;<br \/>\n\u2022 mettre en place un ratio de levier\u00a0(\u00ableverage ratio\u00bb);<br \/>\n\u2022 am\u00e9liorer la gestion du risque de liquidit\u00e9\u00a0par la cr\u00e9ation de deux ratios de liquidit\u00e9\u00a0(ratio de liquidit\u00e9 \u00e0 un mois \u00abLiquidity\u00a0coverage ratio\u00bb et ratio de liquidit\u00e9 \u00e0 un an\u00a0\u00abNet stable funding ratio\u00bb);<br \/>\n\u2022 renforcer les exigences prudentielles\u00a0concernant le risque de contrepartie.<\/p>\n<p>Ces nouvelles r\u00e8gles du jeu auront des\u00a0cons\u00e9quences micro et macro\u00e9conomiques\u00a0majeures : Limitation des engagements\u00a0tr\u00e8s longs, abandon de certaines activit\u00e9s,\u00a0course aux d\u00e9p\u00f4ts, d\u00e9sinterm\u00e9diation du\u00a0financement des entreprises&#8230;\u00a0Cons\u00e9quences sur la BFI : vers un mod\u00e8le\u00a0\u00e9conome en ressource\u2026 Les cessions de\u00a0certaines activit\u00e9s de financement et de\u00a0portefeuilles de pr\u00eats qui p\u00e8sent lourds dans\u00a0les bilans sont l\u2019autre voie qu\u2019on privil\u00e9gi\u00e9e\u00a0les banques.<br \/>\nDans ce contexte, les initiatives de soci\u00e9t\u00e9s\u00a0de gestion d\u2019actifs et d\u2019investisseurs\u00a0institutionnels se multiplient afin de profiter\u00a0d\u2019une plus grande d\u00e9sinterm\u00e9diation du\u00a0financement de l\u2019\u00e9conomie.<br \/>\nDurant cette journ\u00e9e, \u00e0 travers une\u00a0alternance d\u2019expos\u00e9s et de d\u00e9bats sur des\u00a0th\u00e8mes d\u00e9finis en \u00e9troite collaboration avec\u00a0les intervenants, Arrow Institute vous propose\u00a0d\u2019aborder les th\u00e8mes suivants :<\/p>\n<ul>\n<li>SSLes B\u00e2le III : un point sur les avanc\u00e9es\u00a0r\u00e9glementaires<\/li>\n<li>SSO\u00f9 en est-on dans la mise en oeuvre de\u00a0B\u00e2le III ?<\/li>\n<li>SSMieux g\u00e9rer le risque de liquidit\u00e9<\/li>\n<li>SSActivit\u00e9 de notation et r\u00f4le dans la\u00a0gestion des risques<\/li>\n<li>SSLes impacts de B\u00e2le III sur les strat\u00e9gies\u00a0et les business models<\/li>\n<li>SSQuelle \u00e9volution des mod\u00e8les de\u00a0portefeuille de cr\u00e9dit ?<\/li>\n<li>SSMod\u00e9lisation du risque en dynamique\u00a0et avec prise en compte du cycle<\/li>\n<li>SSRisque syst\u00e9mique et charge en capital<\/li>\n<\/ul>\n<p><strong>Public concern\u00e9\u00a0<\/strong><\/p>\n<p>Au sein de l\u2019ensemble des m\u00e9tiers de\u00a0l\u2019industrie financi\u00e8re (Banque de d\u00e9tail, BFI,\u00a0Asset Management, Banque Priv\u00e9e, Services\u00a0aux Investisseurs, Assurance\u2026) :<\/p>\n<ul>\n<li>\u00a0SSDirecteurs et responsables des risques<\/li>\n<li>SSResponsables du projet B\u00e2le III<\/li>\n<li>SSResponsables de la gestion actif\/passif<\/li>\n<li>SSDirecteurs techniques<\/li>\n<li>SSDirecteurs financiers et tr\u00e9soriers<\/li>\n<li>SSDirecteurs investissements<\/li>\n<li>SSDirecteurs et responsables organisation\u00a0et projets<\/li>\n<li>SSDirecteurs et responsables de l\u2019audit et\u00a0du contr\u00f4le<\/li>\n<li>SSDirecteurs et responsables comptables<\/li>\n<li>SSContr\u00f4leurs de gestion<\/li>\n<li>SSDirecteurs et responsables des\u00a0engagements<\/li>\n<li>SSResponsables au sein de middle-office<\/li>\n<li>Autre public :<br \/>\nSSExperts comptables, Consultants,\u00a0Avocats\u2026<\/li>\n<\/ul>\n<p><strong>M\u00e9thode de travail<\/strong><\/p>\n<ul>\n<li>SSDocumentation remise \u00e0 chaque\u00a0participant au d\u00e9but de la formation<\/li>\n<li>SSPr\u00e9sentations d\u00e9finies en \u00e9troite\u00a0collaboration avec les intervenants pour\u00a0r\u00e9pondre aux attentes les plus exigeantes<\/li>\n<li>SSAlternance d\u2019expos\u00e9s et de d\u00e9bats\u00a0garantissant une v\u00e9ritable interactivit\u00e9<\/li>\n<li>SSDes pauses permettent des contacts\u00a0privil\u00e9gi\u00e9s avec les intervenants<\/li>\n<\/ul>\n<p><strong>Objectifs p\u00e9dagogiques<\/strong><\/p>\n<ul>\n<li>SSD\u00e9crypter les derniers enjeux et modalit\u00e9s\u00a0de la r\u00e9forme B\u00e2le III<\/li>\n<li>SSComprendre les impacts de B\u00e2le III et les\u00a0chantiers \u00e0 mettre en oeuvre<\/li>\n<li>SSMesurer les impacts de B\u00e2le III pour la\u00a0banque et son bilan<\/li>\n<li>SSComprendre la mesure de risque de\u00a0march\u00e9 et de liquidit\u00e9<\/li>\n<li>SS\u00c9valuer les ratios internationaux de liquidit\u00e9<\/li>\n<\/ul>\n","protected":false},"excerpt":{"rendered":"<p>Pourquoi participer ? Le Comit\u00e9 de B\u00e2le, charg\u00e9 de coordonner\u00a0la r\u00e9gulation internationale du secteur\u00a0bancaire, a d\u00e9cid\u00e9 d\u2019\u00e9taler sur quatre ans \u00e0\u00a0partir de janvier 2015 la mise en application\u00a0de la r\u00e8gle du \u00abratio de liquidit\u00e9 \u00e0 court\u00a0terme\u00bb (LCR, liquidity coverage ratio), tout en\u00a0\u00e9largissant entre autres aux actions et aux\u00a0pr\u00eats immobiliers r\u00e9sidentiels titris\u00e9s (RMBS,\u00a0not\u00e9s AA ou mieux) <a href=\"https:\/\/conferences-institute.eu\/bale-iii\/annees-precedentes\/\" rel=\"nofollow\"><span class=\"sr-only\">En savoir plus surAnn\u00e9es pr\u00e9c\u00e9dentes<\/span>[&hellip;]<\/a><\/p>\n","protected":false},"author":1,"featured_media":0,"parent":0,"menu_order":0,"comment_status":"closed","ping_status":"open","template":"","meta":{"_monsterinsights_skip_tracking":false,"_monsterinsights_sitenote_active":false,"_monsterinsights_sitenote_note":"","_monsterinsights_sitenote_category":0,"footnotes":""},"class_list":["post-2","page","type-page","status-publish"],"yoast_head":"<!-- This site is optimized with the Yoast SEO plugin v27.4 - https:\/\/yoast.com\/product\/yoast-seo-wordpress\/ -->\n<title>Ann\u00e9es pr\u00e9c\u00e9dentes - Directive B\u00e4le III<\/title>\n<meta name=\"robots\" content=\"index, follow, max-snippet:-1, max-image-preview:large, max-video-preview:-1\" \/>\n<link rel=\"canonical\" href=\"http:\/\/conferences-institute.eu\/bale-iii\/annees-precedentes\/\" \/>\n<meta property=\"og:locale\" content=\"fr_FR\" \/>\n<meta property=\"og:type\" content=\"article\" \/>\n<meta property=\"og:title\" content=\"Ann\u00e9es pr\u00e9c\u00e9dentes - Directive B\u00e4le III\" \/>\n<meta property=\"og:description\" content=\"Pourquoi participer ? Le Comit\u00e9 de B\u00e2le, charg\u00e9 de coordonner\u00a0la r\u00e9gulation internationale du secteur\u00a0bancaire, a d\u00e9cid\u00e9 d\u2019\u00e9taler sur quatre ans \u00e0\u00a0partir de janvier 2015 la mise en application\u00a0de la r\u00e8gle du \u00abratio de liquidit\u00e9 \u00e0 court\u00a0terme\u00bb (LCR, liquidity coverage ratio), tout en\u00a0\u00e9largissant entre autres aux actions et aux\u00a0pr\u00eats immobiliers r\u00e9sidentiels titris\u00e9s (RMBS,\u00a0not\u00e9s AA ou mieux) En savoir plus surAnn\u00e9es pr\u00e9c\u00e9dentes[&hellip;]\" \/>\n<meta property=\"og:url\" content=\"http:\/\/conferences-institute.eu\/bale-iii\/annees-precedentes\/\" \/>\n<meta property=\"og:site_name\" content=\"Directive B\u00e4le III\" \/>\n<meta property=\"article:modified_time\" content=\"2016-02-10T15:14:45+00:00\" \/>\n<meta name=\"twitter:card\" content=\"summary_large_image\" \/>\n<meta name=\"twitter:label1\" content=\"Dur\u00e9e de lecture estim\u00e9e\" \/>\n\t<meta name=\"twitter:data1\" content=\"3 minutes\" \/>\n<script type=\"application\/ld+json\" class=\"yoast-schema-graph\">{\"@context\":\"https:\\\/\\\/schema.org\",\"@graph\":[{\"@type\":\"WebPage\",\"@id\":\"http:\\\/\\\/conferences-institute.eu\\\/bale-iii\\\/annees-precedentes\\\/\",\"url\":\"http:\\\/\\\/conferences-institute.eu\\\/bale-iii\\\/annees-precedentes\\\/\",\"name\":\"Ann\u00e9es pr\u00e9c\u00e9dentes - Directive B\u00e4le III\",\"isPartOf\":{\"@id\":\"http:\\\/\\\/conferences-institute.eu\\\/bale-iii\\\/#website\"},\"datePublished\":\"2016-02-09T09:35:19+00:00\",\"dateModified\":\"2016-02-10T15:14:45+00:00\",\"breadcrumb\":{\"@id\":\"http:\\\/\\\/conferences-institute.eu\\\/bale-iii\\\/annees-precedentes\\\/#breadcrumb\"},\"inLanguage\":\"fr-FR\",\"potentialAction\":[{\"@type\":\"ReadAction\",\"target\":[\"http:\\\/\\\/conferences-institute.eu\\\/bale-iii\\\/annees-precedentes\\\/\"]}]},{\"@type\":\"BreadcrumbList\",\"@id\":\"http:\\\/\\\/conferences-institute.eu\\\/bale-iii\\\/annees-precedentes\\\/#breadcrumb\",\"itemListElement\":[{\"@type\":\"ListItem\",\"position\":1,\"name\":\"Accueil\",\"item\":\"http:\\\/\\\/conferences-institute.eu\\\/bale-iii\\\/\"},{\"@type\":\"ListItem\",\"position\":2,\"name\":\"Ann\u00e9es pr\u00e9c\u00e9dentes\"}]},{\"@type\":\"WebSite\",\"@id\":\"http:\\\/\\\/conferences-institute.eu\\\/bale-iii\\\/#website\",\"url\":\"http:\\\/\\\/conferences-institute.eu\\\/bale-iii\\\/\",\"name\":\"Directive B\u00e4le III\",\"description\":\"S\u00e9minaire sur les Directive B\u00e4le III\",\"potentialAction\":[{\"@type\":\"SearchAction\",\"target\":{\"@type\":\"EntryPoint\",\"urlTemplate\":\"http:\\\/\\\/conferences-institute.eu\\\/bale-iii\\\/?s={search_term_string}\"},\"query-input\":{\"@type\":\"PropertyValueSpecification\",\"valueRequired\":true,\"valueName\":\"search_term_string\"}}],\"inLanguage\":\"fr-FR\"}]}<\/script>\n<!-- \/ Yoast SEO plugin. -->","yoast_head_json":{"title":"Ann\u00e9es pr\u00e9c\u00e9dentes - Directive B\u00e4le III","robots":{"index":"index","follow":"follow","max-snippet":"max-snippet:-1","max-image-preview":"max-image-preview:large","max-video-preview":"max-video-preview:-1"},"canonical":"http:\/\/conferences-institute.eu\/bale-iii\/annees-precedentes\/","og_locale":"fr_FR","og_type":"article","og_title":"Ann\u00e9es pr\u00e9c\u00e9dentes - Directive B\u00e4le III","og_description":"Pourquoi participer ? Le Comit\u00e9 de B\u00e2le, charg\u00e9 de coordonner\u00a0la r\u00e9gulation internationale du secteur\u00a0bancaire, a d\u00e9cid\u00e9 d\u2019\u00e9taler sur quatre ans \u00e0\u00a0partir de janvier 2015 la mise en application\u00a0de la r\u00e8gle du \u00abratio de liquidit\u00e9 \u00e0 court\u00a0terme\u00bb (LCR, liquidity coverage ratio), tout en\u00a0\u00e9largissant entre autres aux actions et aux\u00a0pr\u00eats immobiliers r\u00e9sidentiels titris\u00e9s (RMBS,\u00a0not\u00e9s AA ou mieux) En savoir plus surAnn\u00e9es pr\u00e9c\u00e9dentes[&hellip;]","og_url":"http:\/\/conferences-institute.eu\/bale-iii\/annees-precedentes\/","og_site_name":"Directive B\u00e4le III","article_modified_time":"2016-02-10T15:14:45+00:00","twitter_card":"summary_large_image","twitter_misc":{"Dur\u00e9e de lecture estim\u00e9e":"3 minutes"},"schema":{"@context":"https:\/\/schema.org","@graph":[{"@type":"WebPage","@id":"http:\/\/conferences-institute.eu\/bale-iii\/annees-precedentes\/","url":"http:\/\/conferences-institute.eu\/bale-iii\/annees-precedentes\/","name":"Ann\u00e9es pr\u00e9c\u00e9dentes - Directive B\u00e4le III","isPartOf":{"@id":"http:\/\/conferences-institute.eu\/bale-iii\/#website"},"datePublished":"2016-02-09T09:35:19+00:00","dateModified":"2016-02-10T15:14:45+00:00","breadcrumb":{"@id":"http:\/\/conferences-institute.eu\/bale-iii\/annees-precedentes\/#breadcrumb"},"inLanguage":"fr-FR","potentialAction":[{"@type":"ReadAction","target":["http:\/\/conferences-institute.eu\/bale-iii\/annees-precedentes\/"]}]},{"@type":"BreadcrumbList","@id":"http:\/\/conferences-institute.eu\/bale-iii\/annees-precedentes\/#breadcrumb","itemListElement":[{"@type":"ListItem","position":1,"name":"Accueil","item":"http:\/\/conferences-institute.eu\/bale-iii\/"},{"@type":"ListItem","position":2,"name":"Ann\u00e9es pr\u00e9c\u00e9dentes"}]},{"@type":"WebSite","@id":"http:\/\/conferences-institute.eu\/bale-iii\/#website","url":"http:\/\/conferences-institute.eu\/bale-iii\/","name":"Directive B\u00e4le III","description":"S\u00e9minaire sur les Directive B\u00e4le III","potentialAction":[{"@type":"SearchAction","target":{"@type":"EntryPoint","urlTemplate":"http:\/\/conferences-institute.eu\/bale-iii\/?s={search_term_string}"},"query-input":{"@type":"PropertyValueSpecification","valueRequired":true,"valueName":"search_term_string"}}],"inLanguage":"fr-FR"}]}},"_links":{"self":[{"href":"https:\/\/conferences-institute.eu\/bale-iii\/wp-json\/wp\/v2\/pages\/2","targetHints":{"allow":["GET"]}}],"collection":[{"href":"https:\/\/conferences-institute.eu\/bale-iii\/wp-json\/wp\/v2\/pages"}],"about":[{"href":"https:\/\/conferences-institute.eu\/bale-iii\/wp-json\/wp\/v2\/types\/page"}],"author":[{"embeddable":true,"href":"https:\/\/conferences-institute.eu\/bale-iii\/wp-json\/wp\/v2\/users\/1"}],"replies":[{"embeddable":true,"href":"https:\/\/conferences-institute.eu\/bale-iii\/wp-json\/wp\/v2\/comments?post=2"}],"version-history":[{"count":3,"href":"https:\/\/conferences-institute.eu\/bale-iii\/wp-json\/wp\/v2\/pages\/2\/revisions"}],"predecessor-version":[{"id":33,"href":"https:\/\/conferences-institute.eu\/bale-iii\/wp-json\/wp\/v2\/pages\/2\/revisions\/33"}],"wp:attachment":[{"href":"https:\/\/conferences-institute.eu\/bale-iii\/wp-json\/wp\/v2\/media?parent=2"}],"curies":[{"name":"wp","href":"https:\/\/api.w.org\/{rel}","templated":true}]}}