{"id":361,"date":"2016-12-07T15:25:52","date_gmt":"2016-12-07T14:25:52","guid":{"rendered":"http:\/\/conferences-institute.eu\/seminaire-conformite\/?page_id=361"},"modified":"2017-11-28T19:27:35","modified_gmt":"2017-11-28T18:27:35","slug":"conference-2016","status":"publish","type":"page","link":"http:\/\/conferences-institute.eu\/seminaire-conformite\/conference-2016\/","title":{"rendered":"Conf\u00e9rence 2016"},"content":{"rendered":"<h1><span style=\"color: #ff0000;\">Conformit\u00e9, Contr\u00f4le&nbsp;Interne et R\u00e9gulation<\/span><\/h1>\n<p><a class=\"fasc-button fasc-size-medium fasc-type-glossy fasc-rounded-medium\" style=\"background-color: #c26b6b; color: #ffffff;\" target=\"_blank\" rel=\"noopener\" href=\"http:\/\/conferences-institute.eu\/seminaire-conformite\/wp-content\/uploads\/sites\/2\/2016\/12\/ERI-Institute_Conformite-Controle-Interne_mars-2016_programme.pdf\">T\u00e9l\u00e9charger le programme complet<\/a><\/p>\n<h2>PROGRAMME<\/h2>\n<p><strong><span style=\"color: #ff0000;\">09:00&nbsp;<\/span>1 an apr\u00e8s, retour sur l\u2019\u00e9volution des obligations en mati\u00e8re de contr\u00f4le interne bancaire&nbsp;: Constat du passage du r\u00e8glement 97\/02 \u00e0 l&rsquo;arr\u00eat\u00e9 du 3 novembre 2014<\/strong><br \/>\n<strong>Chandara OK, Expert en risque et r\u00e9glementation bancaire<\/strong><br \/>\n\u2014&nbsp; Le renforcement du dispositif de gouvernance<br \/>\n\u2014&nbsp; La mise en place de comit\u00e9s sp\u00e9cialis\u00e9s<br \/>\n\u2014&nbsp; La \u00ab fonction de gestion des risques\u00bb<br \/>\n\u2014&nbsp; Les nouveaux risques devant \u00eatre couverts par la fonction gestion de risque<\/p>\n<p><strong><span style=\"color: #ff0000;\">10:00&nbsp;<\/span>Les banques face \u00e0 la corruption<\/strong><br \/>\n<strong> Andr\u00e9 JACQUEMET, Associ\u00e9 \u2014 Global BPA, Membre du Grasco (Groupe de Recherches Actions Sur la Criminalit\u00e9 Organis\u00e9e)<\/strong><br \/>\n\u2014&nbsp; De quoi parle-t&rsquo;on ?<br \/>\n\u2014&nbsp; Quels sont les points d&rsquo;entr\u00e9e du risque ?<br \/>\n\u2014&nbsp; Comment faire \u00e9voluer les dispositifs actuels pour s&rsquo;en pr\u00e9munir et d\u00e9tecter les situations \u00e0 risque ?<\/p>\n<p><strong><span style=\"color: #ff0000;\">11:00<\/span><\/strong> <span style=\"color: #000000;\">Pause-caf\u00e9<\/span><\/p>\n<p><strong><span style=\"color: #ff0000;\">11:30&nbsp;<\/span>Quelle mise en place d\u2019un dispositif de contr\u00f4le permanent dans une banque \u00e0 taille humaine ?<\/strong><br \/>\n<strong> Dominique GODIN, Directeur de l\u2019Audit et du Contr\u00f4le \u2014 BANK AUDI France<\/strong><br \/>\n&#8211; Quelle organisation adopter&nbsp;pour optimiser le dispositif&nbsp;?<br \/>\n&#8211; Dispositif de Contr\u00f4le&nbsp;Permanent : Surveillance, Contr\u00f4le et Pilotage<br \/>\n&#8211; Dispositif de Contr\u00f4le P\u00e9riodique&nbsp;: Jouer les synergies&nbsp;!<br \/>\n&#8211; Gouvernance&nbsp;des risques : Une implication forte des acteurs<\/p>\n<p><strong><span style=\"color: #ff0000;\">12:30<\/span><\/strong> <span style=\"color: #000000;\">D\u00e9jeuner<\/span><\/p>\n<p><strong><span style=\"color: #ff0000;\">14:00&nbsp;<\/span>Audit des risques op\u00e9rationnels : comment optimiser l\u2019interaction contr\u00f4le permanent, conformit\u00e9 et contr\u00f4le p\u00e9riodique ?<\/strong><br \/>\n<strong> Christiane LEGAT, Directrice de l\u2019inspection g\u00e9n\u00e9rale et de l\u2019audit \u2022 Cr\u00e9dit Immobilier de France<\/strong><br \/>\n\u2014 Le contexte<br \/>\n\u2014 Les acteurs<br \/>\n\u2014 Leur coop\u00e9ration<\/p>\n<p><strong><span style=\"color: #ff0000;\">15:00&nbsp;<\/span>Piloter le contr\u00f4le interne : Quels indicateurs ?<\/strong><br \/>\n<strong> Jean-Luc MASSELIN,&nbsp; Directeur du Contr\u00f4le Interne \u2014 Banque Neuflize OBC (groupe ABN AMRO)<\/strong><br \/>\n\u2014&nbsp; Place des indicateurs dans la mission du contr\u00f4le interne<br \/>\n\u2014&nbsp; Indicateurs d&rsquo;activit\u00e9, de risque et de performance<br \/>\n\u2014&nbsp; Exploitation des indicateurs<\/p>\n<p><strong><span style=\"color: #ff0000;\">16:00<\/span><\/strong> <span style=\"color: #000000;\">Pause-caf\u00e9<\/span><\/p>\n<p><strong><span style=\"color: #ff0000;\">16:30<\/span><\/strong>&nbsp; <strong>Directive Distribution en Assurance : quels impacts \u00e0 pr\u00e9voir sur les pratiques des interm\u00e9diaires et des assureurs&nbsp;?<\/strong><br \/>\n<strong> Marie COLLIN, Directeur Conformit\u00e9 Assurances \u2014 Groupe BPCE<\/strong><br \/>\nQuels impacts concrets pour les interm\u00e9diaires comme pour les assureurs ? Quel changement de la d\u00e9finition du p\u00e9rim\u00e8tre r\u00e9glement\u00e9 ?<br \/>\n\u2014&nbsp;&nbsp; R\u00e8gles de bonne conduite : quelles nouveaut\u00e9s en mati\u00e8re d\u2019information, de conseil et de transparence de la r\u00e9mun\u00e9ration?<br \/>\n\u2014&nbsp;&nbsp; Gouvernance produit : comment identifier un march\u00e9 cible et le contr\u00f4ler ?<br \/>\n\u2014&nbsp;&nbsp; Formation : quelles nouvelles r\u00e8gles&nbsp;?<\/p>\n<p><strong><span style=\"color: #ff0000;\">17:30<\/span><\/strong> <span style=\"color: #000000;\">Fin du s\u00e9minaire<\/span><\/p>\n<p><a class=\"fasc-button fasc-size-medium fasc-type-glossy fasc-rounded-medium\" style=\"background-color: #c26b6b; color: #ffffff;\" target=\"_blank\" rel=\"noopener\" href=\"http:\/\/conferences-institute.eu\/seminaire-conformite\/wp-content\/uploads\/sites\/2\/2016\/12\/ERI-Institute_Conformite-Controle-Interne_mars-2016_programme.pdf\">T\u00e9l\u00e9charger le programme complet<\/a><\/p>\n","protected":false},"excerpt":{"rendered":"<p>Conformit\u00e9, Contr\u00f4le&nbsp;Interne et R\u00e9gulation T\u00e9l\u00e9charger le programme complet PROGRAMME 09:00&nbsp;1 an apr\u00e8s, retour sur l\u2019\u00e9volution des obligations en mati\u00e8re de contr\u00f4le interne bancaire&nbsp;: Constat du passage du r\u00e8glement 97\/02 \u00e0 l&rsquo;arr\u00eat\u00e9 du 3 novembre 2014 Chandara OK, Expert en risque et r\u00e9glementation bancaire \u2014&nbsp; Le renforcement du dispositif de gouvernance \u2014&nbsp; La mise en place <a href=\"http:\/\/conferences-institute.eu\/seminaire-conformite\/conference-2016\/\" rel=\"nofollow\"><span class=\"sr-only\">En savoir plus surConf\u00e9rence 2016<\/span>[&hellip;]<\/a><\/p>\n","protected":false},"author":1,"featured_media":0,"parent":0,"menu_order":0,"comment_status":"closed","ping_status":"closed","template":"","meta":{"_monsterinsights_skip_tracking":false,"_monsterinsights_sitenote_active":false,"_monsterinsights_sitenote_note":"","_monsterinsights_sitenote_category":0,"footnotes":""},"class_list":["post-361","page","type-page","status-publish"],"yoast_head":"<!-- This site is optimized with the Yoast SEO plugin v27.4 - https:\/\/yoast.com\/product\/yoast-seo-wordpress\/ -->\n<title>Conf\u00e9rence 2016 - CONFORMIT\u00c9 ET CONTR\u00d4LE INTERNE<\/title>\n<meta name=\"robots\" content=\"index, follow, max-snippet:-1, max-image-preview:large, max-video-preview:-1\" \/>\n<link rel=\"canonical\" href=\"http:\/\/conferences-institute.eu\/seminaire-conformite\/conference-2016\/\" \/>\n<meta property=\"og:locale\" content=\"fr_FR\" \/>\n<meta property=\"og:type\" content=\"article\" \/>\n<meta property=\"og:title\" content=\"Conf\u00e9rence 2016 - CONFORMIT\u00c9 ET CONTR\u00d4LE INTERNE\" \/>\n<meta property=\"og:description\" content=\"Conformit\u00e9, Contr\u00f4le&nbsp;Interne et R\u00e9gulation T\u00e9l\u00e9charger le programme complet PROGRAMME 09:00&nbsp;1 an apr\u00e8s, retour sur l\u2019\u00e9volution des obligations en mati\u00e8re de contr\u00f4le interne bancaire&nbsp;: Constat du passage du r\u00e8glement 97\/02 \u00e0 l&rsquo;arr\u00eat\u00e9 du 3 novembre 2014 Chandara OK, Expert en risque et r\u00e9glementation bancaire \u2014&nbsp; Le renforcement du dispositif de gouvernance \u2014&nbsp; La mise en place En savoir plus surConf\u00e9rence 2016[&hellip;]\" \/>\n<meta property=\"og:url\" content=\"http:\/\/conferences-institute.eu\/seminaire-conformite\/conference-2016\/\" \/>\n<meta property=\"og:site_name\" content=\"CONFORMIT\u00c9 ET CONTR\u00d4LE INTERNE\" \/>\n<meta property=\"article:modified_time\" content=\"2017-11-28T18:27:35+00:00\" \/>\n<meta name=\"twitter:card\" content=\"summary_large_image\" \/>\n<meta name=\"twitter:label1\" content=\"Dur\u00e9e de lecture estim\u00e9e\" \/>\n\t<meta name=\"twitter:data1\" content=\"2 minutes\" \/>\n<script type=\"application\/ld+json\" class=\"yoast-schema-graph\">{\"@context\":\"https:\\\/\\\/schema.org\",\"@graph\":[{\"@type\":\"WebPage\",\"@id\":\"http:\\\/\\\/conferences-institute.eu\\\/seminaire-conformite\\\/conference-2016\\\/\",\"url\":\"http:\\\/\\\/conferences-institute.eu\\\/seminaire-conformite\\\/conference-2016\\\/\",\"name\":\"Conf\u00e9rence 2016 - CONFORMIT\u00c9 ET CONTR\u00d4LE INTERNE\",\"isPartOf\":{\"@id\":\"http:\\\/\\\/conferences-institute.eu\\\/seminaire-conformite\\\/#website\"},\"datePublished\":\"2016-12-07T14:25:52+00:00\",\"dateModified\":\"2017-11-28T18:27:35+00:00\",\"breadcrumb\":{\"@id\":\"http:\\\/\\\/conferences-institute.eu\\\/seminaire-conformite\\\/conference-2016\\\/#breadcrumb\"},\"inLanguage\":\"fr-FR\",\"potentialAction\":[{\"@type\":\"ReadAction\",\"target\":[\"http:\\\/\\\/conferences-institute.eu\\\/seminaire-conformite\\\/conference-2016\\\/\"]}]},{\"@type\":\"BreadcrumbList\",\"@id\":\"http:\\\/\\\/conferences-institute.eu\\\/seminaire-conformite\\\/conference-2016\\\/#breadcrumb\",\"itemListElement\":[{\"@type\":\"ListItem\",\"position\":1,\"name\":\"Accueil\",\"item\":\"http:\\\/\\\/conferences-institute.eu\\\/seminaire-conformite\\\/\"},{\"@type\":\"ListItem\",\"position\":2,\"name\":\"Conf\u00e9rence 2016\"}]},{\"@type\":\"WebSite\",\"@id\":\"http:\\\/\\\/conferences-institute.eu\\\/seminaire-conformite\\\/#website\",\"url\":\"http:\\\/\\\/conferences-institute.eu\\\/seminaire-conformite\\\/\",\"name\":\"CONFORMIT\u00c9 ET CONTR\u00d4LE INTERNE\",\"description\":\"\",\"potentialAction\":[{\"@type\":\"SearchAction\",\"target\":{\"@type\":\"EntryPoint\",\"urlTemplate\":\"http:\\\/\\\/conferences-institute.eu\\\/seminaire-conformite\\\/?s={search_term_string}\"},\"query-input\":{\"@type\":\"PropertyValueSpecification\",\"valueRequired\":true,\"valueName\":\"search_term_string\"}}],\"inLanguage\":\"fr-FR\"}]}<\/script>\n<!-- \/ Yoast SEO plugin. -->","yoast_head_json":{"title":"Conf\u00e9rence 2016 - CONFORMIT\u00c9 ET CONTR\u00d4LE INTERNE","robots":{"index":"index","follow":"follow","max-snippet":"max-snippet:-1","max-image-preview":"max-image-preview:large","max-video-preview":"max-video-preview:-1"},"canonical":"http:\/\/conferences-institute.eu\/seminaire-conformite\/conference-2016\/","og_locale":"fr_FR","og_type":"article","og_title":"Conf\u00e9rence 2016 - CONFORMIT\u00c9 ET CONTR\u00d4LE INTERNE","og_description":"Conformit\u00e9, Contr\u00f4le&nbsp;Interne et R\u00e9gulation T\u00e9l\u00e9charger le programme complet PROGRAMME 09:00&nbsp;1 an apr\u00e8s, retour sur l\u2019\u00e9volution des obligations en mati\u00e8re de contr\u00f4le interne bancaire&nbsp;: Constat du passage du r\u00e8glement 97\/02 \u00e0 l&rsquo;arr\u00eat\u00e9 du 3 novembre 2014 Chandara OK, Expert en risque et r\u00e9glementation bancaire \u2014&nbsp; Le renforcement du dispositif de gouvernance \u2014&nbsp; La mise en place En savoir plus surConf\u00e9rence 2016[&hellip;]","og_url":"http:\/\/conferences-institute.eu\/seminaire-conformite\/conference-2016\/","og_site_name":"CONFORMIT\u00c9 ET CONTR\u00d4LE INTERNE","article_modified_time":"2017-11-28T18:27:35+00:00","twitter_card":"summary_large_image","twitter_misc":{"Dur\u00e9e de lecture estim\u00e9e":"2 minutes"},"schema":{"@context":"https:\/\/schema.org","@graph":[{"@type":"WebPage","@id":"http:\/\/conferences-institute.eu\/seminaire-conformite\/conference-2016\/","url":"http:\/\/conferences-institute.eu\/seminaire-conformite\/conference-2016\/","name":"Conf\u00e9rence 2016 - CONFORMIT\u00c9 ET CONTR\u00d4LE INTERNE","isPartOf":{"@id":"http:\/\/conferences-institute.eu\/seminaire-conformite\/#website"},"datePublished":"2016-12-07T14:25:52+00:00","dateModified":"2017-11-28T18:27:35+00:00","breadcrumb":{"@id":"http:\/\/conferences-institute.eu\/seminaire-conformite\/conference-2016\/#breadcrumb"},"inLanguage":"fr-FR","potentialAction":[{"@type":"ReadAction","target":["http:\/\/conferences-institute.eu\/seminaire-conformite\/conference-2016\/"]}]},{"@type":"BreadcrumbList","@id":"http:\/\/conferences-institute.eu\/seminaire-conformite\/conference-2016\/#breadcrumb","itemListElement":[{"@type":"ListItem","position":1,"name":"Accueil","item":"http:\/\/conferences-institute.eu\/seminaire-conformite\/"},{"@type":"ListItem","position":2,"name":"Conf\u00e9rence 2016"}]},{"@type":"WebSite","@id":"http:\/\/conferences-institute.eu\/seminaire-conformite\/#website","url":"http:\/\/conferences-institute.eu\/seminaire-conformite\/","name":"CONFORMIT\u00c9 ET CONTR\u00d4LE INTERNE","description":"","potentialAction":[{"@type":"SearchAction","target":{"@type":"EntryPoint","urlTemplate":"http:\/\/conferences-institute.eu\/seminaire-conformite\/?s={search_term_string}"},"query-input":{"@type":"PropertyValueSpecification","valueRequired":true,"valueName":"search_term_string"}}],"inLanguage":"fr-FR"}]}},"_links":{"self":[{"href":"http:\/\/conferences-institute.eu\/seminaire-conformite\/wp-json\/wp\/v2\/pages\/361","targetHints":{"allow":["GET"]}}],"collection":[{"href":"http:\/\/conferences-institute.eu\/seminaire-conformite\/wp-json\/wp\/v2\/pages"}],"about":[{"href":"http:\/\/conferences-institute.eu\/seminaire-conformite\/wp-json\/wp\/v2\/types\/page"}],"author":[{"embeddable":true,"href":"http:\/\/conferences-institute.eu\/seminaire-conformite\/wp-json\/wp\/v2\/users\/1"}],"replies":[{"embeddable":true,"href":"http:\/\/conferences-institute.eu\/seminaire-conformite\/wp-json\/wp\/v2\/comments?post=361"}],"version-history":[{"count":6,"href":"http:\/\/conferences-institute.eu\/seminaire-conformite\/wp-json\/wp\/v2\/pages\/361\/revisions"}],"predecessor-version":[{"id":414,"href":"http:\/\/conferences-institute.eu\/seminaire-conformite\/wp-json\/wp\/v2\/pages\/361\/revisions\/414"}],"wp:attachment":[{"href":"http:\/\/conferences-institute.eu\/seminaire-conformite\/wp-json\/wp\/v2\/media?parent=361"}],"curies":[{"name":"wp","href":"https:\/\/api.w.org\/{rel}","templated":true}]}}