{"id":69,"date":"2016-05-23T09:27:12","date_gmt":"2016-05-23T08:27:12","guid":{"rendered":"http:\/\/conferences-institute.eu\/financement-du-terrorisme\/?page_id=69"},"modified":"2016-05-23T10:09:10","modified_gmt":"2016-05-23T09:09:10","slug":"galerie-photo","status":"publish","type":"page","link":"http:\/\/conferences-institute.eu\/financement-du-terrorisme\/galerie-photo\/","title":{"rendered":"Galerie Photo"},"content":{"rendered":"<div id='gallery-1' class='gallery galleryid-69 gallery-columns-3 gallery-size-medium'><figure class='gallery-item'>\n\t\t\t<div class='gallery-icon landscape'>\n\t\t\t\t<a href='http:\/\/conferences-institute.eu\/financement-du-terrorisme\/galerie-photo\/tgi-paris-92\/'><img loading=\"lazy\" decoding=\"async\" width=\"300\" height=\"200\" src=\"http:\/\/conferences-institute.eu\/financement-du-terrorisme\/wp-content\/uploads\/sites\/11\/2016\/05\/TGI-Paris-92-300x200.jpg\" class=\"attachment-medium size-medium\" alt=\"\" srcset=\"http:\/\/conferences-institute.eu\/financement-du-terrorisme\/wp-content\/uploads\/sites\/11\/2016\/05\/TGI-Paris-92-300x200.jpg 300w, http:\/\/conferences-institute.eu\/financement-du-terrorisme\/wp-content\/uploads\/sites\/11\/2016\/05\/TGI-Paris-92-768x513.jpg 768w, http:\/\/conferences-institute.eu\/financement-du-terrorisme\/wp-content\/uploads\/sites\/11\/2016\/05\/TGI-Paris-92-1024x683.jpg 1024w, http:\/\/conferences-institute.eu\/financement-du-terrorisme\/wp-content\/uploads\/sites\/11\/2016\/05\/TGI-Paris-92-750x500.jpg 750w, http:\/\/conferences-institute.eu\/financement-du-terrorisme\/wp-content\/uploads\/sites\/11\/2016\/05\/TGI-Paris-92-272x182.jpg 272w\" sizes=\"auto, (max-width: 300px) 100vw, 300px\" \/><\/a>\n\t\t\t<\/div><\/figure><figure class='gallery-item'>\n\t\t\t<div class='gallery-icon landscape'>\n\t\t\t\t<a href='http:\/\/conferences-institute.eu\/financement-du-terrorisme\/galerie-photo\/tgi-paris-90\/'><img loading=\"lazy\" decoding=\"async\" width=\"300\" height=\"200\" src=\"http:\/\/conferences-institute.eu\/financement-du-terrorisme\/wp-content\/uploads\/sites\/11\/2016\/05\/TGI-Paris-90-300x200.jpg\" class=\"attachment-medium size-medium\" alt=\"\" srcset=\"http:\/\/conferences-institute.eu\/financement-du-terrorisme\/wp-content\/uploads\/sites\/11\/2016\/05\/TGI-Paris-90-300x200.jpg 300w, http:\/\/conferences-institute.eu\/financement-du-terrorisme\/wp-content\/uploads\/sites\/11\/2016\/05\/TGI-Paris-90-768x512.jpg 768w, http:\/\/conferences-institute.eu\/financement-du-terrorisme\/wp-content\/uploads\/sites\/11\/2016\/05\/TGI-Paris-90-1024x683.jpg 1024w, http:\/\/conferences-institute.eu\/financement-du-terrorisme\/wp-content\/uploads\/sites\/11\/2016\/05\/TGI-Paris-90-750x500.jpg 750w, http:\/\/conferences-institute.eu\/financement-du-terrorisme\/wp-content\/uploads\/sites\/11\/2016\/05\/TGI-Paris-90-272x182.jpg 272w\" sizes=\"auto, (max-width: 300px) 100vw, 300px\" \/><\/a>\n\t\t\t<\/div><\/figure><figure class='gallery-item'>\n\t\t\t<div class='gallery-icon landscape'>\n\t\t\t\t<a href='http:\/\/conferences-institute.eu\/financement-du-terrorisme\/galerie-photo\/tgi-paris-88\/'><img loading=\"lazy\" decoding=\"async\" width=\"300\" height=\"200\" src=\"http:\/\/conferences-institute.eu\/financement-du-terrorisme\/wp-content\/uploads\/sites\/11\/2016\/05\/TGI-Paris-88-300x200.jpg\" class=\"attachment-medium size-medium\" alt=\"\" srcset=\"http:\/\/conferences-institute.eu\/financement-du-terrorisme\/wp-content\/uploads\/sites\/11\/2016\/05\/TGI-Paris-88-300x200.jpg 300w, http:\/\/conferences-institute.eu\/financement-du-terrorisme\/wp-content\/uploads\/sites\/11\/2016\/05\/TGI-Paris-88-768x513.jpg 768w, http:\/\/conferences-institute.eu\/financement-du-terrorisme\/wp-content\/uploads\/sites\/11\/2016\/05\/TGI-Paris-88-1024x683.jpg 1024w, http:\/\/conferences-institute.eu\/financement-du-terrorisme\/wp-content\/uploads\/sites\/11\/2016\/05\/TGI-Paris-88-750x500.jpg 750w, http:\/\/conferences-institute.eu\/financement-du-terrorisme\/wp-content\/uploads\/sites\/11\/2016\/05\/TGI-Paris-88-272x182.jpg 272w\" sizes=\"auto, (max-width: 300px) 100vw, 300px\" \/><\/a>\n\t\t\t<\/div><\/figure><figure class='gallery-item'>\n\t\t\t<div class='gallery-icon landscape'>\n\t\t\t\t<a href='http:\/\/conferences-institute.eu\/financement-du-terrorisme\/galerie-photo\/tgi-paris-64\/'><img loading=\"lazy\" decoding=\"async\" width=\"300\" height=\"200\" src=\"http:\/\/conferences-institute.eu\/financement-du-terrorisme\/wp-content\/uploads\/sites\/11\/2016\/05\/TGI-Paris-64-300x200.jpg\" class=\"attachment-medium size-medium\" alt=\"\" srcset=\"http:\/\/conferences-institute.eu\/financement-du-terrorisme\/wp-content\/uploads\/sites\/11\/2016\/05\/TGI-Paris-64-300x200.jpg 300w, http:\/\/conferences-institute.eu\/financement-du-terrorisme\/wp-content\/uploads\/sites\/11\/2016\/05\/TGI-Paris-64-768x513.jpg 768w, http:\/\/conferences-institute.eu\/financement-du-terrorisme\/wp-content\/uploads\/sites\/11\/2016\/05\/TGI-Paris-64-1024x684.jpg 1024w, http:\/\/conferences-institute.eu\/financement-du-terrorisme\/wp-content\/uploads\/sites\/11\/2016\/05\/TGI-Paris-64-750x500.jpg 750w, http:\/\/conferences-institute.eu\/financement-du-terrorisme\/wp-content\/uploads\/sites\/11\/2016\/05\/TGI-Paris-64-272x182.jpg 272w\" sizes=\"auto, (max-width: 300px) 100vw, 300px\" \/><\/a>\n\t\t\t<\/div><\/figure><figure class='gallery-item'>\n\t\t\t<div class='gallery-icon landscape'>\n\t\t\t\t<a href='http:\/\/conferences-institute.eu\/financement-du-terrorisme\/galerie-photo\/tgi-paris-3\/'><img loading=\"lazy\" decoding=\"async\" width=\"300\" height=\"200\" src=\"http:\/\/conferences-institute.eu\/financement-du-terrorisme\/wp-content\/uploads\/sites\/11\/2016\/05\/TGI-Paris-3-300x200.jpg\" class=\"attachment-medium size-medium\" alt=\"\" srcset=\"http:\/\/conferences-institute.eu\/financement-du-terrorisme\/wp-content\/uploads\/sites\/11\/2016\/05\/TGI-Paris-3-300x200.jpg 300w, http:\/\/conferences-institute.eu\/financement-du-terrorisme\/wp-content\/uploads\/sites\/11\/2016\/05\/TGI-Paris-3-768x512.jpg 768w, http:\/\/conferences-institute.eu\/financement-du-terrorisme\/wp-content\/uploads\/sites\/11\/2016\/05\/TGI-Paris-3-1024x683.jpg 1024w, http:\/\/conferences-institute.eu\/financement-du-terrorisme\/wp-content\/uploads\/sites\/11\/2016\/05\/TGI-Paris-3-750x500.jpg 750w, http:\/\/conferences-institute.eu\/financement-du-terrorisme\/wp-content\/uploads\/sites\/11\/2016\/05\/TGI-Paris-3-272x182.jpg 272w\" sizes=\"auto, (max-width: 300px) 100vw, 300px\" \/><\/a>\n\t\t\t<\/div><\/figure><figure class='gallery-item'>\n\t\t\t<div class='gallery-icon landscape'>\n\t\t\t\t<a href='http:\/\/conferences-institute.eu\/financement-du-terrorisme\/galerie-photo\/tgi-paris-49\/'><img loading=\"lazy\" decoding=\"async\" width=\"300\" height=\"200\" src=\"http:\/\/conferences-institute.eu\/financement-du-terrorisme\/wp-content\/uploads\/sites\/11\/2016\/05\/TGI-Paris-49-300x200.jpg\" class=\"attachment-medium size-medium\" alt=\"\" srcset=\"http:\/\/conferences-institute.eu\/financement-du-terrorisme\/wp-content\/uploads\/sites\/11\/2016\/05\/TGI-Paris-49-300x200.jpg 300w, http:\/\/conferences-institute.eu\/financement-du-terrorisme\/wp-content\/uploads\/sites\/11\/2016\/05\/TGI-Paris-49-768x513.jpg 768w, http:\/\/conferences-institute.eu\/financement-du-terrorisme\/wp-content\/uploads\/sites\/11\/2016\/05\/TGI-Paris-49-1024x683.jpg 1024w, http:\/\/conferences-institute.eu\/financement-du-terrorisme\/wp-content\/uploads\/sites\/11\/2016\/05\/TGI-Paris-49-750x500.jpg 750w, http:\/\/conferences-institute.eu\/financement-du-terrorisme\/wp-content\/uploads\/sites\/11\/2016\/05\/TGI-Paris-49-272x182.jpg 272w\" sizes=\"auto, (max-width: 300px) 100vw, 300px\" \/><\/a>\n\t\t\t<\/div><\/figure><figure class='gallery-item'>\n\t\t\t<div class='gallery-icon landscape'>\n\t\t\t\t<a href='http:\/\/conferences-institute.eu\/financement-du-terrorisme\/galerie-photo\/tgi-paris\/'><img loading=\"lazy\" decoding=\"async\" width=\"300\" height=\"200\" src=\"http:\/\/conferences-institute.eu\/financement-du-terrorisme\/wp-content\/uploads\/sites\/11\/2016\/05\/TGI-Paris-300x200.jpg\" class=\"attachment-medium size-medium\" alt=\"\" srcset=\"http:\/\/conferences-institute.eu\/financement-du-terrorisme\/wp-content\/uploads\/sites\/11\/2016\/05\/TGI-Paris-300x200.jpg 300w, http:\/\/conferences-institute.eu\/financement-du-terrorisme\/wp-content\/uploads\/sites\/11\/2016\/05\/TGI-Paris-768x513.jpg 768w, http:\/\/conferences-institute.eu\/financement-du-terrorisme\/wp-content\/uploads\/sites\/11\/2016\/05\/TGI-Paris-1024x683.jpg 1024w, http:\/\/conferences-institute.eu\/financement-du-terrorisme\/wp-content\/uploads\/sites\/11\/2016\/05\/TGI-Paris-750x500.jpg 750w, http:\/\/conferences-institute.eu\/financement-du-terrorisme\/wp-content\/uploads\/sites\/11\/2016\/05\/TGI-Paris-272x182.jpg 272w\" sizes=\"auto, (max-width: 300px) 100vw, 300px\" \/><\/a>\n\t\t\t<\/div><\/figure><figure class='gallery-item'>\n\t\t\t<div class='gallery-icon landscape'>\n\t\t\t\t<a href='http:\/\/conferences-institute.eu\/financement-du-terrorisme\/galerie-photo\/tgi-paris-38\/'><img loading=\"lazy\" decoding=\"async\" width=\"300\" height=\"200\" src=\"http:\/\/conferences-institute.eu\/financement-du-terrorisme\/wp-content\/uploads\/sites\/11\/2016\/05\/TGI-Paris-38-300x200.jpg\" class=\"attachment-medium size-medium\" alt=\"\" srcset=\"http:\/\/conferences-institute.eu\/financement-du-terrorisme\/wp-content\/uploads\/sites\/11\/2016\/05\/TGI-Paris-38-300x200.jpg 300w, http:\/\/conferences-institute.eu\/financement-du-terrorisme\/wp-content\/uploads\/sites\/11\/2016\/05\/TGI-Paris-38-768x513.jpg 768w, http:\/\/conferences-institute.eu\/financement-du-terrorisme\/wp-content\/uploads\/sites\/11\/2016\/05\/TGI-Paris-38-1024x683.jpg 1024w, http:\/\/conferences-institute.eu\/financement-du-terrorisme\/wp-content\/uploads\/sites\/11\/2016\/05\/TGI-Paris-38-750x500.jpg 750w, http:\/\/conferences-institute.eu\/financement-du-terrorisme\/wp-content\/uploads\/sites\/11\/2016\/05\/TGI-Paris-38-272x182.jpg 272w\" sizes=\"auto, (max-width: 300px) 100vw, 300px\" \/><\/a>\n\t\t\t<\/div><\/figure><figure class='gallery-item'>\n\t\t\t<div class='gallery-icon portrait'>\n\t\t\t\t<a href='http:\/\/conferences-institute.eu\/financement-du-terrorisme\/galerie-photo\/tgi-paris-37\/'><img loading=\"lazy\" decoding=\"async\" width=\"200\" height=\"300\" src=\"http:\/\/conferences-institute.eu\/financement-du-terrorisme\/wp-content\/uploads\/sites\/11\/2016\/05\/TGI-Paris-37-200x300.jpg\" class=\"attachment-medium size-medium\" alt=\"\" srcset=\"http:\/\/conferences-institute.eu\/financement-du-terrorisme\/wp-content\/uploads\/sites\/11\/2016\/05\/TGI-Paris-37-200x300.jpg 200w, http:\/\/conferences-institute.eu\/financement-du-terrorisme\/wp-content\/uploads\/sites\/11\/2016\/05\/TGI-Paris-37-768x1150.jpg 768w, http:\/\/conferences-institute.eu\/financement-du-terrorisme\/wp-content\/uploads\/sites\/11\/2016\/05\/TGI-Paris-37-684x1024.jpg 684w, http:\/\/conferences-institute.eu\/financement-du-terrorisme\/wp-content\/uploads\/sites\/11\/2016\/05\/TGI-Paris-37.jpg 1087w\" sizes=\"auto, (max-width: 200px) 100vw, 200px\" \/><\/a>\n\t\t\t<\/div><\/figure><figure class='gallery-item'>\n\t\t\t<div class='gallery-icon landscape'>\n\t\t\t\t<a href='http:\/\/conferences-institute.eu\/financement-du-terrorisme\/galerie-photo\/tgi-paris-32\/'><img loading=\"lazy\" decoding=\"async\" width=\"300\" height=\"200\" src=\"http:\/\/conferences-institute.eu\/financement-du-terrorisme\/wp-content\/uploads\/sites\/11\/2016\/05\/TGI-Paris-32-300x200.jpg\" class=\"attachment-medium size-medium\" alt=\"\" srcset=\"http:\/\/conferences-institute.eu\/financement-du-terrorisme\/wp-content\/uploads\/sites\/11\/2016\/05\/TGI-Paris-32-300x200.jpg 300w, http:\/\/conferences-institute.eu\/financement-du-terrorisme\/wp-content\/uploads\/sites\/11\/2016\/05\/TGI-Paris-32-768x513.jpg 768w, http:\/\/conferences-institute.eu\/financement-du-terrorisme\/wp-content\/uploads\/sites\/11\/2016\/05\/TGI-Paris-32-1024x683.jpg 1024w, http:\/\/conferences-institute.eu\/financement-du-terrorisme\/wp-content\/uploads\/sites\/11\/2016\/05\/TGI-Paris-32-750x500.jpg 750w, http:\/\/conferences-institute.eu\/financement-du-terrorisme\/wp-content\/uploads\/sites\/11\/2016\/05\/TGI-Paris-32-272x182.jpg 272w\" sizes=\"auto, (max-width: 300px) 100vw, 300px\" \/><\/a>\n\t\t\t<\/div><\/figure>\n\t\t<\/div>\n\n","protected":false},"excerpt":{"rendered":"","protected":false},"author":1,"featured_media":0,"parent":0,"menu_order":0,"comment_status":"closed","ping_status":"closed","template":"","meta":{"_monsterinsights_skip_tracking":false,"_monsterinsights_sitenote_active":false,"_monsterinsights_sitenote_note":"","_monsterinsights_sitenote_category":0,"footnotes":""},"class_list":["post-69","page","type-page","status-publish"],"yoast_head":"<!-- This site is optimized with the Yoast SEO plugin v27.4 - https:\/\/yoast.com\/product\/yoast-seo-wordpress\/ -->\n<title>Galerie Photo - Confidentialit\u00e9 et pr\u00e9vention de la criminalit\u00e9 financi\u00e8re<\/title>\n<meta name=\"robots\" content=\"index, follow, max-snippet:-1, max-image-preview:large, max-video-preview:-1\" \/>\n<link rel=\"canonical\" href=\"https:\/\/conferences-institute.eu\/financement-du-terrorisme\/galerie-photo\/\" \/>\n<meta property=\"og:locale\" content=\"fr_FR\" \/>\n<meta property=\"og:type\" content=\"article\" \/>\n<meta property=\"og:title\" content=\"Galerie Photo - Confidentialit\u00e9 et pr\u00e9vention de la criminalit\u00e9 financi\u00e8re\" \/>\n<meta property=\"og:url\" content=\"https:\/\/conferences-institute.eu\/financement-du-terrorisme\/galerie-photo\/\" \/>\n<meta property=\"og:site_name\" content=\"Confidentialit\u00e9 et pr\u00e9vention de la criminalit\u00e9 financi\u00e8re\" \/>\n<meta property=\"article:modified_time\" content=\"2016-05-23T09:09:10+00:00\" \/>\n<meta property=\"og:image\" content=\"https:\/\/conferences-institute.eu\/financement-du-terrorisme\/wp-content\/uploads\/sites\/11\/2016\/05\/TGI-Paris-92-300x200.jpg\" \/>\n<meta name=\"twitter:card\" content=\"summary_large_image\" \/>\n<script type=\"application\/ld+json\" class=\"yoast-schema-graph\">{\"@context\":\"https:\\\/\\\/schema.org\",\"@graph\":[{\"@type\":\"WebPage\",\"@id\":\"https:\\\/\\\/conferences-institute.eu\\\/financement-du-terrorisme\\\/galerie-photo\\\/\",\"url\":\"https:\\\/\\\/conferences-institute.eu\\\/financement-du-terrorisme\\\/galerie-photo\\\/\",\"name\":\"Galerie Photo - Confidentialit\u00e9 et pr\u00e9vention de la criminalit\u00e9 financi\u00e8re\",\"isPartOf\":{\"@id\":\"https:\\\/\\\/conferences-institute.eu\\\/financement-du-terrorisme\\\/#website\"},\"datePublished\":\"2016-05-23T08:27:12+00:00\",\"dateModified\":\"2016-05-23T09:09:10+00:00\",\"breadcrumb\":{\"@id\":\"https:\\\/\\\/conferences-institute.eu\\\/financement-du-terrorisme\\\/galerie-photo\\\/#breadcrumb\"},\"inLanguage\":\"fr-FR\",\"potentialAction\":[{\"@type\":\"ReadAction\",\"target\":[\"https:\\\/\\\/conferences-institute.eu\\\/financement-du-terrorisme\\\/galerie-photo\\\/\"]}]},{\"@type\":\"BreadcrumbList\",\"@id\":\"https:\\\/\\\/conferences-institute.eu\\\/financement-du-terrorisme\\\/galerie-photo\\\/#breadcrumb\",\"itemListElement\":[{\"@type\":\"ListItem\",\"position\":1,\"name\":\"Accueil\",\"item\":\"https:\\\/\\\/conferences-institute.eu\\\/financement-du-terrorisme\\\/\"},{\"@type\":\"ListItem\",\"position\":2,\"name\":\"Galerie Photo\"}]},{\"@type\":\"WebSite\",\"@id\":\"https:\\\/\\\/conferences-institute.eu\\\/financement-du-terrorisme\\\/#website\",\"url\":\"https:\\\/\\\/conferences-institute.eu\\\/financement-du-terrorisme\\\/\",\"name\":\"Confidentialit\u00e9 et pr\u00e9vention de la criminalit\u00e9 financi\u00e8re\",\"description\":\"Un site utilisant Conformit\u00e9\",\"publisher\":{\"@id\":\"https:\\\/\\\/conferences-institute.eu\\\/financement-du-terrorisme\\\/#organization\"},\"potentialAction\":[{\"@type\":\"SearchAction\",\"target\":{\"@type\":\"EntryPoint\",\"urlTemplate\":\"https:\\\/\\\/conferences-institute.eu\\\/financement-du-terrorisme\\\/?s={search_term_string}\"},\"query-input\":{\"@type\":\"PropertyValueSpecification\",\"valueRequired\":true,\"valueName\":\"search_term_string\"}}],\"inLanguage\":\"fr-FR\"},{\"@type\":\"Organization\",\"@id\":\"https:\\\/\\\/conferences-institute.eu\\\/financement-du-terrorisme\\\/#organization\",\"name\":\"Confidentialit\u00e9 et pr\u00e9vention de la criminalit\u00e9 financi\u00e8re\",\"url\":\"https:\\\/\\\/conferences-institute.eu\\\/financement-du-terrorisme\\\/\",\"logo\":{\"@type\":\"ImageObject\",\"inLanguage\":\"fr-FR\",\"@id\":\"https:\\\/\\\/conferences-institute.eu\\\/financement-du-terrorisme\\\/#\\\/schema\\\/logo\\\/image\\\/\",\"url\":\"http:\\\/\\\/conferences-institute.eu\\\/financement-du-terrorisme\\\/wp-content\\\/uploads\\\/sites\\\/11\\\/2016\\\/03\\\/Logo-Eriinstitute.jpg\",\"contentUrl\":\"http:\\\/\\\/conferences-institute.eu\\\/financement-du-terrorisme\\\/wp-content\\\/uploads\\\/sites\\\/11\\\/2016\\\/03\\\/Logo-Eriinstitute.jpg\",\"width\":300,\"height\":150,\"caption\":\"Confidentialit\u00e9 et pr\u00e9vention de la criminalit\u00e9 financi\u00e8re\"},\"image\":{\"@id\":\"https:\\\/\\\/conferences-institute.eu\\\/financement-du-terrorisme\\\/#\\\/schema\\\/logo\\\/image\\\/\"}}]}<\/script>\n<!-- \/ Yoast SEO plugin. -->","yoast_head_json":{"title":"Galerie Photo - Confidentialit\u00e9 et pr\u00e9vention de la criminalit\u00e9 financi\u00e8re","robots":{"index":"index","follow":"follow","max-snippet":"max-snippet:-1","max-image-preview":"max-image-preview:large","max-video-preview":"max-video-preview:-1"},"canonical":"https:\/\/conferences-institute.eu\/financement-du-terrorisme\/galerie-photo\/","og_locale":"fr_FR","og_type":"article","og_title":"Galerie Photo - Confidentialit\u00e9 et pr\u00e9vention de la criminalit\u00e9 financi\u00e8re","og_url":"https:\/\/conferences-institute.eu\/financement-du-terrorisme\/galerie-photo\/","og_site_name":"Confidentialit\u00e9 et pr\u00e9vention de la criminalit\u00e9 financi\u00e8re","article_modified_time":"2016-05-23T09:09:10+00:00","og_image":[{"url":"https:\/\/conferences-institute.eu\/financement-du-terrorisme\/wp-content\/uploads\/sites\/11\/2016\/05\/TGI-Paris-92-300x200.jpg","type":"","width":"","height":""}],"twitter_card":"summary_large_image","schema":{"@context":"https:\/\/schema.org","@graph":[{"@type":"WebPage","@id":"https:\/\/conferences-institute.eu\/financement-du-terrorisme\/galerie-photo\/","url":"https:\/\/conferences-institute.eu\/financement-du-terrorisme\/galerie-photo\/","name":"Galerie Photo - Confidentialit\u00e9 et pr\u00e9vention de la criminalit\u00e9 financi\u00e8re","isPartOf":{"@id":"https:\/\/conferences-institute.eu\/financement-du-terrorisme\/#website"},"datePublished":"2016-05-23T08:27:12+00:00","dateModified":"2016-05-23T09:09:10+00:00","breadcrumb":{"@id":"https:\/\/conferences-institute.eu\/financement-du-terrorisme\/galerie-photo\/#breadcrumb"},"inLanguage":"fr-FR","potentialAction":[{"@type":"ReadAction","target":["https:\/\/conferences-institute.eu\/financement-du-terrorisme\/galerie-photo\/"]}]},{"@type":"BreadcrumbList","@id":"https:\/\/conferences-institute.eu\/financement-du-terrorisme\/galerie-photo\/#breadcrumb","itemListElement":[{"@type":"ListItem","position":1,"name":"Accueil","item":"https:\/\/conferences-institute.eu\/financement-du-terrorisme\/"},{"@type":"ListItem","position":2,"name":"Galerie Photo"}]},{"@type":"WebSite","@id":"https:\/\/conferences-institute.eu\/financement-du-terrorisme\/#website","url":"https:\/\/conferences-institute.eu\/financement-du-terrorisme\/","name":"Confidentialit\u00e9 et pr\u00e9vention de la criminalit\u00e9 financi\u00e8re","description":"Un site utilisant Conformit\u00e9","publisher":{"@id":"https:\/\/conferences-institute.eu\/financement-du-terrorisme\/#organization"},"potentialAction":[{"@type":"SearchAction","target":{"@type":"EntryPoint","urlTemplate":"https:\/\/conferences-institute.eu\/financement-du-terrorisme\/?s={search_term_string}"},"query-input":{"@type":"PropertyValueSpecification","valueRequired":true,"valueName":"search_term_string"}}],"inLanguage":"fr-FR"},{"@type":"Organization","@id":"https:\/\/conferences-institute.eu\/financement-du-terrorisme\/#organization","name":"Confidentialit\u00e9 et pr\u00e9vention de la criminalit\u00e9 financi\u00e8re","url":"https:\/\/conferences-institute.eu\/financement-du-terrorisme\/","logo":{"@type":"ImageObject","inLanguage":"fr-FR","@id":"https:\/\/conferences-institute.eu\/financement-du-terrorisme\/#\/schema\/logo\/image\/","url":"http:\/\/conferences-institute.eu\/financement-du-terrorisme\/wp-content\/uploads\/sites\/11\/2016\/03\/Logo-Eriinstitute.jpg","contentUrl":"http:\/\/conferences-institute.eu\/financement-du-terrorisme\/wp-content\/uploads\/sites\/11\/2016\/03\/Logo-Eriinstitute.jpg","width":300,"height":150,"caption":"Confidentialit\u00e9 et pr\u00e9vention de la criminalit\u00e9 financi\u00e8re"},"image":{"@id":"https:\/\/conferences-institute.eu\/financement-du-terrorisme\/#\/schema\/logo\/image\/"}}]}},"_links":{"self":[{"href":"http:\/\/conferences-institute.eu\/financement-du-terrorisme\/wp-json\/wp\/v2\/pages\/69","targetHints":{"allow":["GET"]}}],"collection":[{"href":"http:\/\/conferences-institute.eu\/financement-du-terrorisme\/wp-json\/wp\/v2\/pages"}],"about":[{"href":"http:\/\/conferences-institute.eu\/financement-du-terrorisme\/wp-json\/wp\/v2\/types\/page"}],"author":[{"embeddable":true,"href":"http:\/\/conferences-institute.eu\/financement-du-terrorisme\/wp-json\/wp\/v2\/users\/1"}],"replies":[{"embeddable":true,"href":"http:\/\/conferences-institute.eu\/financement-du-terrorisme\/wp-json\/wp\/v2\/comments?post=69"}],"version-history":[{"count":5,"href":"http:\/\/conferences-institute.eu\/financement-du-terrorisme\/wp-json\/wp\/v2\/pages\/69\/revisions"}],"predecessor-version":[{"id":119,"href":"http:\/\/conferences-institute.eu\/financement-du-terrorisme\/wp-json\/wp\/v2\/pages\/69\/revisions\/119"}],"wp:attachment":[{"href":"http:\/\/conferences-institute.eu\/financement-du-terrorisme\/wp-json\/wp\/v2\/media?parent=69"}],"curies":[{"name":"wp","href":"https:\/\/api.w.org\/{rel}","templated":true}]}}