{"id":91,"date":"2016-02-11T17:32:36","date_gmt":"2016-02-11T16:32:36","guid":{"rendered":"http:\/\/conferences-institute.eu\/banque-privee\/?page_id=91"},"modified":"2016-02-11T17:34:29","modified_gmt":"2016-02-11T16:34:29","slug":"presentation-slideshare-conferences","status":"publish","type":"page","link":"http:\/\/conferences-institute.eu\/banque-privee\/presentation-slideshare-conferences\/","title":{"rendered":"Pr\u00e9sentation Slideshare conf\u00e9rences"},"content":{"rendered":"<p><iframe loading=\"lazy\" style=\"border: 1px solid #CCC; border-width: 1px; margin-bottom: 5px; max-width: 100%;\" src=\"\/\/www.slideshare.net\/slideshow\/embed_code\/key\/IbAhWZDKQaFNGA\" width=\"595\" height=\"485\" frameborder=\"0\" marginwidth=\"0\" marginheight=\"0\" scrolling=\"no\" allowfullscreen=\"allowfullscreen\"> <\/iframe><\/p>\n<div style=\"margin-bottom: 5px;\"><span style=\"color: #000000;\"><strong> <a style=\"color: #000000;\" title=\"Impact de la fiscalit\u00e9 sur le comportement des clients et \u00e9volution de l'offre de banque priv\u00e9e\" href=\"\/\/www.slideshare.net\/Arrowinstitute\/impact-de-la-fiscalit-sur-le-comportement-des-clients-et-volution-de-loffre-de-banque-prive\" target=\"_blank\">Impact de la fiscalit\u00e9 sur le comportement des clients et \u00e9volution de l&rsquo;offre de banque priv\u00e9e<\/a> <\/strong> from <strong><a style=\"color: #000000;\" href=\"\/\/www.slideshare.net\/Arrowinstitute\" target=\"_blank\">Arrowinstitute<\/a><\/strong><\/span><\/div>\n<p><iframe loading=\"lazy\" style=\"border: 1px solid #CCC; border-width: 1px; margin-bottom: 5px; max-width: 100%;\" src=\"\/\/www.slideshare.net\/slideshow\/embed_code\/key\/k1BkFaUx8DqYxp\" width=\"595\" height=\"485\" frameborder=\"0\" marginwidth=\"0\" marginheight=\"0\" scrolling=\"no\" allowfullscreen=\"allowfullscreen\"> <\/iframe><\/p>\n<div style=\"margin-bottom: 5px;\"><span style=\"color: #000000;\"><strong> <a style=\"color: #000000;\" title=\"Quelles sont les relations entre la banque priv\u00e9e et les multi Family Office \/ single Family Office?\" href=\"\/\/www.slideshare.net\/Arrowinstitute\/quelles-sont-les-relations-entre-la-banque-prive-et-les-multi-family-office-single-family-office\" target=\"_blank\">Quelles sont les relations entre la banque priv\u00e9e et les multi Family Office \/ single Family Office?<\/a> <\/strong> from <strong><a style=\"color: #000000;\" href=\"\/\/www.slideshare.net\/Arrowinstitute\" target=\"_blank\">Arrowinstitute<\/a><\/strong><\/span><\/div>\n<p><iframe loading=\"lazy\" style=\"border: 1px solid #CCC; border-width: 1px; margin-bottom: 5px; max-width: 100%;\" src=\"\/\/www.slideshare.net\/slideshow\/embed_code\/key\/44M7Y1ln6y47xX\" width=\"595\" height=\"485\" frameborder=\"0\" marginwidth=\"0\" marginheight=\"0\" scrolling=\"no\" allowfullscreen=\"allowfullscreen\"> <\/iframe><\/p>\n<div style=\"margin-bottom: 5px;\"><span style=\"color: #000000;\"><strong> <a style=\"color: #000000;\" title=\"Le digital : Ami ou ennemi du Banquier Priv\u00e9? \" href=\"\/\/www.slideshare.net\/Arrowinstitute\/le-digital-ami-ou-ennemi-du-banquier-priv\" target=\"_blank\">Le digital : Ami ou ennemi du Banquier Priv\u00e9? <\/a> <\/strong> from <strong><a style=\"color: #000000;\" href=\"\/\/www.slideshare.net\/Arrowinstitute\" target=\"_blank\">Arrowinstitute<\/a><\/strong><\/span><\/div>\n<p><iframe loading=\"lazy\" style=\"border: 1px solid #CCC; border-width: 1px; margin-bottom: 5px; max-width: 100%;\" src=\"\/\/www.slideshare.net\/slideshow\/embed_code\/key\/ePs7XWBgD8EPyQ\" width=\"595\" height=\"485\" frameborder=\"0\" marginwidth=\"0\" marginheight=\"0\" scrolling=\"no\" allowfullscreen=\"allowfullscreen\"> <\/iframe><\/p>\n<div style=\"margin-bottom: 5px;\"><span style=\"color: #000000;\"><strong> <a style=\"color: #000000;\" title=\"Esquisse d'une gestion de patrimoine durable\" href=\"\/\/www.slideshare.net\/Arrowinstitute\/esquisse-dune-gestion-de-patrimoine-durable\" target=\"_blank\">Esquisse d&rsquo;une gestion de patrimoine durable<\/a> <\/strong> from <strong><a style=\"color: #000000;\" href=\"\/\/www.slideshare.net\/Arrowinstitute\" target=\"_blank\">Arrowinstitute<\/a><\/strong><\/span><\/div>\n<p><iframe loading=\"lazy\" style=\"border: 1px solid #CCC; border-width: 1px; margin-bottom: 5px; max-width: 100%;\" src=\"\/\/www.slideshare.net\/slideshow\/embed_code\/key\/2EyLXxBjMNrmHr\" width=\"595\" height=\"485\" frameborder=\"0\" marginwidth=\"0\" marginheight=\"0\" scrolling=\"no\" allowfullscreen=\"allowfullscreen\"> <\/iframe><\/p>\n<div style=\"margin-bottom: 5px;\"><span style=\"color: #000000;\"><strong> <a style=\"color: #000000;\" title=\"Digital &amp; private Bank: Shaken or stirred? \" href=\"\/\/www.slideshare.net\/Arrowinstitute\/digital-private-bank-shaken-or-stirred\" target=\"_blank\">Digital &amp; private Bank: Shaken or stirred? <\/a> <\/strong> from <strong><a style=\"color: #000000;\" href=\"\/\/www.slideshare.net\/Arrowinstitute\" target=\"_blank\">Arrowinstitute<\/a><\/strong><\/span><\/div>\n","protected":false},"excerpt":{"rendered":"<p>Impact de la fiscalit\u00e9 sur le comportement des clients et \u00e9volution de l&rsquo;offre de banque priv\u00e9e from Arrowinstitute Quelles sont les relations entre la banque priv\u00e9e et les multi Family Office \/ single Family Office? from Arrowinstitute Le digital : Ami ou ennemi du Banquier Priv\u00e9? from Arrowinstitute Esquisse d&rsquo;une gestion de patrimoine durable from <a href=\"http:\/\/conferences-institute.eu\/banque-privee\/presentation-slideshare-conferences\/\" rel=\"nofollow\"><span class=\"sr-only\">En savoir plus surPr\u00e9sentation Slideshare conf\u00e9rences<\/span>[&hellip;]<\/a><\/p>\n","protected":false},"author":1,"featured_media":0,"parent":0,"menu_order":0,"comment_status":"closed","ping_status":"closed","template":"","meta":{"_monsterinsights_skip_tracking":false,"_monsterinsights_sitenote_active":false,"_monsterinsights_sitenote_note":"","_monsterinsights_sitenote_category":0,"footnotes":""},"class_list":["post-91","page","type-page","status-publish"],"yoast_head":"<!-- This site is optimized with the Yoast SEO plugin v27.4 - https:\/\/yoast.com\/product\/yoast-seo-wordpress\/ -->\n<title>Pr\u00e9sentation Slideshare conf\u00e9rences - BANQUE PRIV\u00c9E<\/title>\n<meta name=\"robots\" content=\"index, follow, max-snippet:-1, max-image-preview:large, max-video-preview:-1\" \/>\n<link rel=\"canonical\" href=\"https:\/\/conferences-institute.eu\/banque-privee\/presentation-slideshare-conferences\/\" \/>\n<meta property=\"og:locale\" content=\"fr_FR\" \/>\n<meta property=\"og:type\" content=\"article\" \/>\n<meta property=\"og:title\" content=\"Pr\u00e9sentation Slideshare conf\u00e9rences - BANQUE PRIV\u00c9E\" \/>\n<meta property=\"og:description\" content=\"Impact de la fiscalit\u00e9 sur le comportement des clients et \u00e9volution de l&rsquo;offre de banque priv\u00e9e from Arrowinstitute Quelles sont les relations entre la banque priv\u00e9e et les multi Family Office \/ single Family Office? from Arrowinstitute Le digital : Ami ou ennemi du Banquier Priv\u00e9? from Arrowinstitute Esquisse d&rsquo;une gestion de patrimoine durable from En savoir plus surPr\u00e9sentation Slideshare conf\u00e9rences[&hellip;]\" \/>\n<meta property=\"og:url\" content=\"https:\/\/conferences-institute.eu\/banque-privee\/presentation-slideshare-conferences\/\" \/>\n<meta property=\"og:site_name\" content=\"BANQUE PRIV\u00c9E\" \/>\n<meta property=\"article:modified_time\" content=\"2016-02-11T16:34:29+00:00\" \/>\n<meta name=\"twitter:card\" content=\"summary_large_image\" \/>\n<script type=\"application\/ld+json\" class=\"yoast-schema-graph\">{\"@context\":\"https:\\\/\\\/schema.org\",\"@graph\":[{\"@type\":\"WebPage\",\"@id\":\"https:\\\/\\\/conferences-institute.eu\\\/banque-privee\\\/presentation-slideshare-conferences\\\/\",\"url\":\"https:\\\/\\\/conferences-institute.eu\\\/banque-privee\\\/presentation-slideshare-conferences\\\/\",\"name\":\"Pr\u00e9sentation Slideshare conf\u00e9rences - BANQUE PRIV\u00c9E\",\"isPartOf\":{\"@id\":\"https:\\\/\\\/conferences-institute.eu\\\/banque-privee\\\/#website\"},\"datePublished\":\"2016-02-11T16:32:36+00:00\",\"dateModified\":\"2016-02-11T16:34:29+00:00\",\"breadcrumb\":{\"@id\":\"https:\\\/\\\/conferences-institute.eu\\\/banque-privee\\\/presentation-slideshare-conferences\\\/#breadcrumb\"},\"inLanguage\":\"fr-FR\",\"potentialAction\":[{\"@type\":\"ReadAction\",\"target\":[\"https:\\\/\\\/conferences-institute.eu\\\/banque-privee\\\/presentation-slideshare-conferences\\\/\"]}]},{\"@type\":\"BreadcrumbList\",\"@id\":\"https:\\\/\\\/conferences-institute.eu\\\/banque-privee\\\/presentation-slideshare-conferences\\\/#breadcrumb\",\"itemListElement\":[{\"@type\":\"ListItem\",\"position\":1,\"name\":\"Accueil\",\"item\":\"https:\\\/\\\/conferences-institute.eu\\\/banque-privee\\\/\"},{\"@type\":\"ListItem\",\"position\":2,\"name\":\"Pr\u00e9sentation Slideshare conf\u00e9rences\"}]},{\"@type\":\"WebSite\",\"@id\":\"https:\\\/\\\/conferences-institute.eu\\\/banque-privee\\\/#website\",\"url\":\"https:\\\/\\\/conferences-institute.eu\\\/banque-privee\\\/\",\"name\":\"BANQUE PRIV\u00c9E\",\"description\":\"\",\"potentialAction\":[{\"@type\":\"SearchAction\",\"target\":{\"@type\":\"EntryPoint\",\"urlTemplate\":\"https:\\\/\\\/conferences-institute.eu\\\/banque-privee\\\/?s={search_term_string}\"},\"query-input\":{\"@type\":\"PropertyValueSpecification\",\"valueRequired\":true,\"valueName\":\"search_term_string\"}}],\"inLanguage\":\"fr-FR\"}]}<\/script>\n<!-- \/ Yoast SEO plugin. -->","yoast_head_json":{"title":"Pr\u00e9sentation Slideshare conf\u00e9rences - BANQUE PRIV\u00c9E","robots":{"index":"index","follow":"follow","max-snippet":"max-snippet:-1","max-image-preview":"max-image-preview:large","max-video-preview":"max-video-preview:-1"},"canonical":"https:\/\/conferences-institute.eu\/banque-privee\/presentation-slideshare-conferences\/","og_locale":"fr_FR","og_type":"article","og_title":"Pr\u00e9sentation Slideshare conf\u00e9rences - BANQUE PRIV\u00c9E","og_description":"Impact de la fiscalit\u00e9 sur le comportement des clients et \u00e9volution de l&rsquo;offre de banque priv\u00e9e from Arrowinstitute Quelles sont les relations entre la banque priv\u00e9e et les multi Family Office \/ single Family Office? from Arrowinstitute Le digital : Ami ou ennemi du Banquier Priv\u00e9? from Arrowinstitute Esquisse d&rsquo;une gestion de patrimoine durable from En savoir plus surPr\u00e9sentation Slideshare conf\u00e9rences[&hellip;]","og_url":"https:\/\/conferences-institute.eu\/banque-privee\/presentation-slideshare-conferences\/","og_site_name":"BANQUE PRIV\u00c9E","article_modified_time":"2016-02-11T16:34:29+00:00","twitter_card":"summary_large_image","schema":{"@context":"https:\/\/schema.org","@graph":[{"@type":"WebPage","@id":"https:\/\/conferences-institute.eu\/banque-privee\/presentation-slideshare-conferences\/","url":"https:\/\/conferences-institute.eu\/banque-privee\/presentation-slideshare-conferences\/","name":"Pr\u00e9sentation Slideshare conf\u00e9rences - BANQUE PRIV\u00c9E","isPartOf":{"@id":"https:\/\/conferences-institute.eu\/banque-privee\/#website"},"datePublished":"2016-02-11T16:32:36+00:00","dateModified":"2016-02-11T16:34:29+00:00","breadcrumb":{"@id":"https:\/\/conferences-institute.eu\/banque-privee\/presentation-slideshare-conferences\/#breadcrumb"},"inLanguage":"fr-FR","potentialAction":[{"@type":"ReadAction","target":["https:\/\/conferences-institute.eu\/banque-privee\/presentation-slideshare-conferences\/"]}]},{"@type":"BreadcrumbList","@id":"https:\/\/conferences-institute.eu\/banque-privee\/presentation-slideshare-conferences\/#breadcrumb","itemListElement":[{"@type":"ListItem","position":1,"name":"Accueil","item":"https:\/\/conferences-institute.eu\/banque-privee\/"},{"@type":"ListItem","position":2,"name":"Pr\u00e9sentation Slideshare conf\u00e9rences"}]},{"@type":"WebSite","@id":"https:\/\/conferences-institute.eu\/banque-privee\/#website","url":"https:\/\/conferences-institute.eu\/banque-privee\/","name":"BANQUE PRIV\u00c9E","description":"","potentialAction":[{"@type":"SearchAction","target":{"@type":"EntryPoint","urlTemplate":"https:\/\/conferences-institute.eu\/banque-privee\/?s={search_term_string}"},"query-input":{"@type":"PropertyValueSpecification","valueRequired":true,"valueName":"search_term_string"}}],"inLanguage":"fr-FR"}]}},"_links":{"self":[{"href":"http:\/\/conferences-institute.eu\/banque-privee\/wp-json\/wp\/v2\/pages\/91","targetHints":{"allow":["GET"]}}],"collection":[{"href":"http:\/\/conferences-institute.eu\/banque-privee\/wp-json\/wp\/v2\/pages"}],"about":[{"href":"http:\/\/conferences-institute.eu\/banque-privee\/wp-json\/wp\/v2\/types\/page"}],"author":[{"embeddable":true,"href":"http:\/\/conferences-institute.eu\/banque-privee\/wp-json\/wp\/v2\/users\/1"}],"replies":[{"embeddable":true,"href":"http:\/\/conferences-institute.eu\/banque-privee\/wp-json\/wp\/v2\/comments?post=91"}],"version-history":[{"count":2,"href":"http:\/\/conferences-institute.eu\/banque-privee\/wp-json\/wp\/v2\/pages\/91\/revisions"}],"predecessor-version":[{"id":94,"href":"http:\/\/conferences-institute.eu\/banque-privee\/wp-json\/wp\/v2\/pages\/91\/revisions\/94"}],"wp:attachment":[{"href":"http:\/\/conferences-institute.eu\/banque-privee\/wp-json\/wp\/v2\/media?parent=91"}],"curies":[{"name":"wp","href":"https:\/\/api.w.org\/{rel}","templated":true}]}}